
{"id":531,"date":"2020-12-07T08:18:27","date_gmt":"2020-12-07T07:18:27","guid":{"rendered":"https:\/\/przedszkole56.edu.wroclaw.pl\/?page_id=531"},"modified":"2024-10-26T20:01:08","modified_gmt":"2024-10-26T18:01:08","slug":"rodo","status":"publish","type":"page","link":"https:\/\/przedszkole56.edu.wroclaw.pl\/index.php\/rodo\/","title":{"rendered":"RODO"},"content":{"rendered":"<div class=\"wpb-content-wrapper\"><p>[vc_row][vc_column][vc_column_text css=&#8221;&#8221;]<span style=\"font-size: 14pt\">Realizuj\u0105c wytyczne RODO Przedszkole nr 56 &#8222;Niezapominajka&#8221; informuje, \u017ce naszym Inspektorem Ochrony Danych Osobowych jest Pan Tomasz Grzybowski, CORE Consulting Sp. z o.o., ul. Stary Rynek 80\/82, 61-772 Pozna\u0144.<\/span><\/p>\n<p><span style=\"font-size: 14pt\">Z Inspektorem Ochrony Danych mo\u017cna kontaktowa\u0107 si\u0119 na wy\u017cej wymieniony adres pocztowy lub elektronicznie: <span id=\"cloak64fa86991825a38b88a1d17a40784886\"><a href=\"mailto:inspektor@coreconsulting.pl\">inspektor@coreconsulting.pl<\/a><\/span>.<\/span>[\/vc_column_text][\/vc_column][\/vc_row][vc_row][vc_column][vc_column_text css=&#8221;&#8221;]<span style=\"font-family: arial, helvetica, sans-serif\"><a href=\"https:\/\/przedszkole56.edu.wroclaw.pl\/wp-content\/uploads\/sites\/51\/2024\/10\/Zal.-7n.pdf\"><span style=\"font-family: arial, helvetica, sans-serif;font-size: 12pt\">Klauzula informacyjna &#8211; edukacja dziecka w plac\u00f3wce (pdf 63 Kb)<\/span><\/a><\/span><\/p>\n<p><span style=\"font-family: arial, helvetica, sans-serif;font-size: 12pt\"><a href=\"https:\/\/przedszkole56.edu.wroclaw.pl\/wp-content\/uploads\/sites\/51\/2024\/10\/Zal.-7x.pdf\">Klauzula informacyjna &#8211; dla os\u00f3b upowa\u017cnionych do odbioru dziecka z przedszkola (pdf 53 Kb)<\/a><\/span><\/p>\n<p><span style=\"font-family: arial, helvetica, sans-serif;font-size: 12pt\"><a href=\"https:\/\/przedszkole56.edu.wroclaw.pl\/wp-content\/uploads\/sites\/51\/2024\/10\/Zal.-7r.pdf\">Klauzula informacyjna &#8211; przyj\u0119cie dziecka w ramach dy\u017curu wakacyjnego (pdf 50 Kb)<\/a><\/span><\/p>\n<p><span style=\"font-size: 12pt;font-family: arial, helvetica, sans-serif\"><a href=\"https:\/\/przedszkole56.edu.wroclaw.pl\/wp-content\/uploads\/sites\/51\/2024\/10\/Zal.-7.pdf\">Klauzula informacyjna &#8211; z\u0142o\u017cenie pisma w plac\u00f3wce (pdf 56 Kb)<\/a><\/span><\/p>\n<p><span style=\"font-family: arial, helvetica, sans-serif;font-size: 12pt\"><a href=\"https:\/\/przedszkole56.edu.wroclaw.pl\/wp-content\/uploads\/sites\/51\/2024\/10\/Zal.-7e.pdf\">Klauzula informacyjna &#8211; korzystanie ze strony internetowej przedszkola (pdf 51 Kb)<\/a><\/span><\/p>\n<p><span style=\"font-family: arial, helvetica, sans-serif;font-size: 12pt\"><a href=\"https:\/\/przedszkole56.edu.wroclaw.pl\/wp-content\/uploads\/sites\/51\/2024\/10\/Zal.-7c.pdf\">Klauzula informacyjna &#8211; korespondencja elektroniczna (pdf 55 Kb)<\/a><\/span><\/p>\n<p><span style=\"font-family: arial, helvetica, sans-serif;font-size: 12pt\"><a href=\"https:\/\/przedszkole56.edu.wroclaw.pl\/wp-content\/uploads\/sites\/51\/2024\/10\/Zal.-7k.pdf\">Klauzula informacyjna &#8211; rekrutacja pracownika (pdf 59 Kb)<\/a><\/span><\/p>\n<p><span style=\"font-family: arial, helvetica, sans-serif;font-size: 12pt\"><a href=\"https:\/\/przedszkole56.edu.wroclaw.pl\/wp-content\/uploads\/sites\/51\/2024\/10\/Zal.-7l.pdf\">Klauzula informacyjna &#8211; rekrutacja nauczyciela (pdf 61 Kb)<\/a><\/span><\/p>\n<p><span style=\"font-family: arial, helvetica, sans-serif;font-size: 12pt\"><a href=\"https:\/\/przedszkole56.edu.wroclaw.pl\/wp-content\/uploads\/sites\/51\/2024\/10\/Zal.-7m.pdf\">Klauzula informacyjna &#8211; rekrutacja pracownika samorz\u0105dowego (pdf 61 Kb)<\/a><\/span><\/p>\n<p><span style=\"font-family: arial, helvetica, sans-serif;font-size: 12pt\"><a href=\"https:\/\/przedszkole56.edu.wroclaw.pl\/wp-content\/uploads\/sites\/51\/2024\/10\/Zal.-7j.pdf\">Klauzula informacyjna &#8211; wolontariusz (pdf 59 Kb)<\/a><\/span><\/p>\n<p><span style=\"font-family: arial, helvetica, sans-serif;font-size: 12pt\"><a href=\"https:\/\/przedszkole56.edu.wroclaw.pl\/wp-content\/uploads\/sites\/51\/2024\/10\/Zal.-7u.pdf\">Klauzula informacyjna &#8211; praktykant (pdf 58 Kb)<\/a><\/span><\/p>\n<p><span style=\"font-family: arial, helvetica, sans-serif;font-size: 12pt\"><a href=\"https:\/\/przedszkole56.edu.wroclaw.pl\/wp-content\/uploads\/sites\/51\/2024\/10\/Zal.-7f.pdf\">Klauzula informacyjna &#8211; zawarcie umowy (pdf 46 Kb)<\/a><\/span><\/p>\n<p><span style=\"font-family: arial, helvetica, sans-serif;font-size: 12pt\"><a href=\"https:\/\/przedszkole56.edu.wroclaw.pl\/wp-content\/uploads\/sites\/51\/2024\/10\/Zal.-7h.pdf\">Klauzula informacyjna &#8211; umowa najmu (pdf 50 Kb)<\/a><\/span><\/p>\n<p><span style=\"font-family: arial, helvetica, sans-serif;font-size: 12pt\"><a href=\"https:\/\/przedszkole56.edu.wroclaw.pl\/wp-content\/uploads\/sites\/51\/2024\/10\/Zal.-7s.pdf\">Klauzula informacyjna &#8211; praca spo\u0142ecznie u\u017cyteczna (pdf 57 Kb)<\/a><\/span><\/p>\n<p><span style=\"font-family: arial, helvetica, sans-serif;font-size: 12pt\"><a href=\"https:\/\/przedszkole56.edu.wroclaw.pl\/wp-content\/uploads\/sites\/51\/2024\/10\/Zal.-7b.pdf\">Klauzula informacyjna &#8211; post\u0119powanie administracyjne (pdf 58 Kb)<\/a><\/span><\/p>\n<p><span style=\"font-family: arial, helvetica, sans-serif;font-size: 12pt\"><a href=\"https:\/\/przedszkole56.edu.wroclaw.pl\/wp-content\/uploads\/sites\/51\/2024\/10\/Zal.-7g.pdf\">Klauzula informacyjna &#8211; zam\u00f3wienia publiczne (pdf 56 Kb)<\/a><\/span><\/p>\n<p><span style=\"font-family: arial, helvetica, sans-serif;font-size: 12pt\"><a href=\"https:\/\/przedszkole56.edu.wroclaw.pl\/wp-content\/uploads\/sites\/51\/2024\/10\/Zal.-12a.pdf\">Klauzula informacyjna &#8211; monitoring (pdf 55 Kb)<\/a><\/span><\/p>\n<p><span style=\"font-family: arial, helvetica, sans-serif;font-size: 12pt\"><a href=\"https:\/\/przedszkole56.edu.wroclaw.pl\/wp-content\/uploads\/sites\/51\/2024\/10\/Zal.-7y.pdf\">Klauzula informacyjna &#8211; Pracownicze Plany Kapita\u0142owe (pdf 56 Kb)<\/a><\/span>[\/vc_column_text][\/vc_column][\/vc_row]<\/p>\n<\/div>","protected":false},"excerpt":{"rendered":"<p>[vc_row][vc_column][vc_column_text css=&#8221;&#8221;]Realizuj\u0105c wytyczne RODO Przedszkole nr 56 &#8222;Niezapominajka&#8221; informuje, \u017ce naszym Inspektorem Ochrony Danych Osobowych jest Pan Tomasz Grzybowski, CORE Consulting Sp. z o.o., ul. Stary Rynek 80\/82, 61-772 Pozna\u0144. [&hellip;]<\/p>\n","protected":false},"author":72,"featured_media":0,"parent":0,"menu_order":0,"comment_status":"closed","ping_status":"closed","template":"","meta":{"ngg_post_thumbnail":0,"footnotes":""},"class_list":["post-531","page","type-page","status-publish","hentry","clearfix"],"_links":{"self":[{"href":"https:\/\/przedszkole56.edu.wroclaw.pl\/index.php\/wp-json\/wp\/v2\/pages\/531","targetHints":{"allow":["GET"]}}],"collection":[{"href":"https:\/\/przedszkole56.edu.wroclaw.pl\/index.php\/wp-json\/wp\/v2\/pages"}],"about":[{"href":"https:\/\/przedszkole56.edu.wroclaw.pl\/index.php\/wp-json\/wp\/v2\/types\/page"}],"author":[{"embeddable":true,"href":"https:\/\/przedszkole56.edu.wroclaw.pl\/index.php\/wp-json\/wp\/v2\/users\/72"}],"replies":[{"embeddable":true,"href":"https:\/\/przedszkole56.edu.wroclaw.pl\/index.php\/wp-json\/wp\/v2\/comments?post=531"}],"version-history":[{"count":27,"href":"https:\/\/przedszkole56.edu.wroclaw.pl\/index.php\/wp-json\/wp\/v2\/pages\/531\/revisions"}],"predecessor-version":[{"id":5869,"href":"https:\/\/przedszkole56.edu.wroclaw.pl\/index.php\/wp-json\/wp\/v2\/pages\/531\/revisions\/5869"}],"wp:attachment":[{"href":"https:\/\/przedszkole56.edu.wroclaw.pl\/index.php\/wp-json\/wp\/v2\/media?parent=531"}],"curies":[{"name":"wp","href":"https:\/\/api.w.org\/{rel}","templated":true}]}}