
{"id":397,"date":"2020-11-30T09:43:39","date_gmt":"2020-11-30T08:43:39","guid":{"rendered":"https:\/\/przedszkole56.edu.wroclaw.pl\/?page_id=397"},"modified":"2026-03-13T11:35:46","modified_gmt":"2026-03-13T10:35:46","slug":"pliki-do-pobrania","status":"publish","type":"page","link":"https:\/\/przedszkole56.edu.wroclaw.pl\/index.php\/pliki-do-pobrania\/","title":{"rendered":"Dokumenty i pliki do pobrania dla rodzic\u00f3w"},"content":{"rendered":"<div class=\"wpb-content-wrapper\"><p>[vc_row][vc_column][\/vc_column][\/vc_row][vc_row][vc_column][vc_column_text css=&#8221;&#8221;]<span style=\"font-size: 14pt\"><a href=\"https:\/\/przedszkole56.edu.wroclaw.pl\/wp-content\/uploads\/sites\/51\/2024\/10\/DEKLARACJA-pobytu-dziecka-6.pdf\">DEKLARACJA pobytu dziecka &#8211; pdf 67 Kb<\/a><\/span><\/p>\n<p><span style=\"font-size: 14pt\"><a href=\"https:\/\/przedszkole56.edu.wroclaw.pl\/wp-content\/uploads\/sites\/51\/2024\/09\/DEKLARACJA-DIETY-.pdf\">Deklaracja alergii pokarmowej &#8211; pdf 87 Kb<\/a><\/span><\/p>\n<p><span style=\"font-size: 14pt\"><a href=\"https:\/\/przedszkole56.edu.wroclaw.pl\/wp-content\/uploads\/sites\/51\/2024\/10\/wniosek-zwolnienie-z-oplat-2024.pdf\">Wniosek zwolnienie z op\u0142at w zwi\u0105zku z wielodzietno\u015bci\u0105 &#8211; pdf 40 Kb<\/a><\/span><\/p>\n<p><a href=\"https:\/\/przedszkole56.edu.wroclaw.pl\/wp-content\/uploads\/sites\/51\/2024\/10\/Zal.-9.-Upowaznienie-do-odbioru-dziecka-z-przedszkola.pdf\"><span style=\"font-size: 14pt\">Upowa\u017cnienie do odbioru dziecka z przedszkola &#8211; pdf 51 Kb<\/span><\/a><\/p>\n<p><span style=\"font-size: 14pt\"><a href=\"https:\/\/przedszkole56.edu.wroclaw.pl\/wp-content\/uploads\/sites\/51\/2024\/10\/Zal.-8b.-Zgoda-na-wizerunek-na-www.pdf\">Zgoda na wizerunek dziecka &#8211; pdf 59 Kb<\/a><\/span><\/p>\n<p><span style=\"font-size: 14pt\"><a href=\"https:\/\/przedszkole56.edu.wroclaw.pl\/wp-content\/uploads\/sites\/51\/2024\/10\/Zal.-8c.-Zgoda-na-wizerunek-na-FB-wychowanek.pdf\">Zgoda na wizerunek na FB &#8211; wychowanek &#8211; pdf 77 Kb<\/a><\/span><\/p>\n<p><span style=\"font-size: 14pt\"><a href=\"https:\/\/przedszkole56.edu.wroclaw.pl\/wp-content\/uploads\/sites\/51\/2024\/10\/Zal.-8d.-Zgoda-na-wizerunek-na-FB-pracownik.pdf\">Zgoda na wizerunek na FB &#8211; pracownik &#8211; pdf 72 Kb<\/a><\/span><\/p>\n<p><span style=\"font-size: 14pt\"><a href=\"https:\/\/przedszkole56.edu.wroclaw.pl\/wp-content\/uploads\/sites\/51\/2024\/10\/Zal.-8e.-Zgoda-na-wizerunek-na-FB-osoba-trzecia.pdf\">Zgoda na wizerunek na FB &#8211; osoba trzecia &#8211; pdf 73 Kb<\/a><\/span><\/p>\n<p><span style=\"font-size: 14pt\"><a href=\"https:\/\/przedszkole56.edu.wroclaw.pl\/wp-content\/uploads\/sites\/51\/2024\/05\/Wniosek-przedszkole-zastepcze.pdf\">Wniosek przedszkole zast\u0119pcze &#8211; pdf 138 Kb<\/a><\/span>[\/vc_column_text][vc_column_text][\/vc_column_text][\/vc_column][\/vc_row][vc_row][vc_column][vc_column_text css=&#8221;&#8221;]<span style=\"font-size: 14pt\"><strong>Dokumenty:<\/strong><\/span><\/p>\n<p><span style=\"font-size: 14pt\"><a href=\"https:\/\/przedszkole56.edu.wroclaw.pl\/wp-content\/uploads\/sites\/51\/2025\/06\/STATUT-Przedszkola-.pdf\">STATUT Przedszkola nr 56 Niezapominajka\u00a0 &#8211; pdf 448Kb<\/a><\/span><\/p>\n<p><span style=\"font-size: 14pt\"><a href=\"https:\/\/przedszkole56.edu.wroclaw.pl\/wp-content\/uploads\/sites\/51\/2026\/03\/Procedura-kwalifikowania-na-SI-2026.pdf\">Procedura kwalifikowania dzieci na zaj\u0119cia Integracji Sensorycznej (SI) &#8211; pdf 3,3 Mb<\/a><\/span><\/p>\n<p><span style=\"font-size: 14pt\"><a href=\"https:\/\/przedszkole56.edu.wroclaw.pl\/wp-content\/uploads\/sites\/51\/2024\/08\/Polityka-ochrony-dzieci-2024-r.pdf\">Polityka oraz procedury ochrony dzieci 2024 r. &#8211; pdf\u00a0 583 Kb<\/a><\/span><\/p>\n<p><span style=\"font-size: 14pt\"><a href=\"https:\/\/przedszkole56.edu.wroclaw.pl\/wp-content\/uploads\/sites\/51\/2022\/12\/Procedura-postepowania-dziecka-z-alergia-pokarmowa.pdf\">Procedura post\u0119powania u dziecka z alergi\u0105 pokarmow\u0105 &#8211; pdf 1,38 Mb<\/a><\/span><\/p>\n<p><span style=\"font-size: 14pt\"><a href=\"https:\/\/przedszkole56.edu.wroclaw.pl\/wp-content\/uploads\/sites\/51\/2022\/07\/procedura-dzieci-zdrowe.pdf\">Procedura dotycz\u0105ca zdrowych i bezpiecznych warunk\u00f3w przebywania dzieci w przedszkolu &#8211; pdf 306 Kb<\/a><\/span><\/p>\n<p><span style=\"font-family: georgia, palatino;font-size: 14pt\"><a href=\"https:\/\/przedszkole56.edu.wroclaw.pl\/wp-content\/uploads\/sites\/51\/2024\/05\/SYSTEM-OPIEKI-WAKACYJNEJ-harmonogram-1.pdf\">System opieki wakacyjnej &#8211; harmonogram 2025 &#8211; pdf 47 Kb<\/a><\/span><\/p>\n<p><a href=\"https:\/\/przedszkole56.edu.wroclaw.pl\/wp-content\/uploads\/sites\/51\/2024\/12\/Wewnetrzna-procedura-zgloszen.pdf\"><span style=\"font-size: 14pt\">Wewn\u0119trzna procedura zg\u0142osze\u0144 &#8211; pdf 654 Kb<\/span><\/a><\/p>\n<p><a href=\"https:\/\/przedszkole56.edu.wroclaw.pl\/wp-content\/uploads\/sites\/51\/2024\/12\/formularz-zgloszenia-naruszenia-prawa.pdf\"><span style=\"font-size: 14pt\">Za\u0142\u0105cznik nr 7 do Wewn\u0119trznej procedury zg\u0142osze\u0144 &#8211; formularz zg\u0142oszenia naruszenia prawa &#8211; pdf 875 Kb<\/span><\/a>[\/vc_column_text][\/vc_column][\/vc_row]<\/p>\n<\/div>","protected":false},"excerpt":{"rendered":"<p>[vc_row][vc_column][\/vc_column][\/vc_row][vc_row][vc_column][vc_column_text css=&#8221;&#8221;]DEKLARACJA pobytu dziecka &#8211; pdf 67 Kb Deklaracja alergii pokarmowej &#8211; pdf 87 Kb Wniosek zwolnienie z op\u0142at w zwi\u0105zku z wielodzietno\u015bci\u0105 &#8211; pdf 40 Kb Upowa\u017cnienie do odbioru [&hellip;]<\/p>\n","protected":false},"author":72,"featured_media":0,"parent":0,"menu_order":0,"comment_status":"closed","ping_status":"closed","template":"","meta":{"ngg_post_thumbnail":0,"footnotes":""},"class_list":["post-397","page","type-page","status-publish","hentry","clearfix"],"_links":{"self":[{"href":"https:\/\/przedszkole56.edu.wroclaw.pl\/index.php\/wp-json\/wp\/v2\/pages\/397","targetHints":{"allow":["GET"]}}],"collection":[{"href":"https:\/\/przedszkole56.edu.wroclaw.pl\/index.php\/wp-json\/wp\/v2\/pages"}],"about":[{"href":"https:\/\/przedszkole56.edu.wroclaw.pl\/index.php\/wp-json\/wp\/v2\/types\/page"}],"author":[{"embeddable":true,"href":"https:\/\/przedszkole56.edu.wroclaw.pl\/index.php\/wp-json\/wp\/v2\/users\/72"}],"replies":[{"embeddable":true,"href":"https:\/\/przedszkole56.edu.wroclaw.pl\/index.php\/wp-json\/wp\/v2\/comments?post=397"}],"version-history":[{"count":88,"href":"https:\/\/przedszkole56.edu.wroclaw.pl\/index.php\/wp-json\/wp\/v2\/pages\/397\/revisions"}],"predecessor-version":[{"id":7388,"href":"https:\/\/przedszkole56.edu.wroclaw.pl\/index.php\/wp-json\/wp\/v2\/pages\/397\/revisions\/7388"}],"wp:attachment":[{"href":"https:\/\/przedszkole56.edu.wroclaw.pl\/index.php\/wp-json\/wp\/v2\/media?parent=397"}],"curies":[{"name":"wp","href":"https:\/\/api.w.org\/{rel}","templated":true}]}}

Dokumenty i pliki do pobrania dla rodziców

<div class="wpb-content-wrapper"><p>[vc_row][vc_column][/vc_column][/vc_row][vc_row][vc_column][vc_column_text css=&#8221;&#8221;]<span style="font-size: 14pt"><a href="https://przedszkole56.edu.wroclaw.pl/wp-content/uploads/sites/51/2024/10/DEKLARACJA-pobytu-dziecka-6.pdf">DEKLARACJA pobytu dziecka &#8211; pdf 67 Kb</a></span></p>
<p><span style="font-size: 14pt"><a href="https://przedszkole56.edu.wroclaw.pl/wp-content/uploads/sites/51/2024/09/DEKLARACJA-DIETY-.pdf">Deklaracja alergii pokarmowej &#8211; pdf 87 Kb</a></span></p>
<p><span style="font-size: 14pt"><a href="https://przedszkole56.edu.wroclaw.pl/wp-content/uploads/sites/51/2024/10/wniosek-zwolnienie-z-oplat-2024.pdf">Wniosek zwolnienie z opłat w związku z wielodzietnością &#8211; pdf 40 Kb</a></span></p>
<p><a href="https://przedszkole56.edu.wroclaw.pl/wp-content/uploads/sites/51/2024/10/Zal.-9.-Upowaznienie-do-odbioru-dziecka-z-przedszkola.pdf"><span style="font-size: 14pt">Upoważnienie do odbioru dziecka z przedszkola &#8211; pdf 51 Kb</span></a></p>
<p><span style="font-size: 14pt"><a href="https://przedszkole56.edu.wroclaw.pl/wp-content/uploads/sites/51/2024/10/Zal.-8b.-Zgoda-na-wizerunek-na-www.pdf">Zgoda na wizerunek dziecka &#8211; pdf 59 Kb</a></span></p>
<p><span style="font-size: 14pt"><a href="https://przedszkole56.edu.wroclaw.pl/wp-content/uploads/sites/51/2024/10/Zal.-8c.-Zgoda-na-wizerunek-na-FB-wychowanek.pdf">Zgoda na wizerunek na FB &#8211; wychowanek &#8211; pdf 77 Kb</a></span></p>
<p><span style="font-size: 14pt"><a href="https://przedszkole56.edu.wroclaw.pl/wp-content/uploads/sites/51/2024/10/Zal.-8d.-Zgoda-na-wizerunek-na-FB-pracownik.pdf">Zgoda na wizerunek na FB &#8211; pracownik &#8211; pdf 72 Kb</a></span></p>
<p><span style="font-size: 14pt"><a href="https://przedszkole56.edu.wroclaw.pl/wp-content/uploads/sites/51/2024/10/Zal.-8e.-Zgoda-na-wizerunek-na-FB-osoba-trzecia.pdf">Zgoda na wizerunek na FB &#8211; osoba trzecia &#8211; pdf 73 Kb</a></span></p>
<p><span style="font-size: 14pt"><a href="https://przedszkole56.edu.wroclaw.pl/wp-content/uploads/sites/51/2024/05/Wniosek-przedszkole-zastepcze.pdf">Wniosek przedszkole zastępcze &#8211; pdf 138 Kb</a></span>[/vc_column_text][vc_column_text][/vc_column_text][/vc_column][/vc_row][vc_row][vc_column][vc_column_text css=&#8221;&#8221;]<span style="font-size: 14pt"><strong>Dokumenty:</strong></span></p>
<p><span style="font-size: 14pt"><a href="https://przedszkole56.edu.wroclaw.pl/wp-content/uploads/sites/51/2025/06/STATUT-Przedszkola-.pdf">STATUT Przedszkola nr 56 Niezapominajka  &#8211; pdf 448Kb</a></span></p>
<p><span style="font-size: 14pt"><a href="https://przedszkole56.edu.wroclaw.pl/wp-content/uploads/sites/51/2026/03/Procedura-kwalifikowania-na-SI-2026.pdf">Procedura kwalifikowania dzieci na zajęcia Integracji Sensorycznej (SI) &#8211; pdf 3,3 Mb</a></span></p>
<p><span style="font-size: 14pt"><a href="https://przedszkole56.edu.wroclaw.pl/wp-content/uploads/sites/51/2024/08/Polityka-ochrony-dzieci-2024-r.pdf">Polityka oraz procedury ochrony dzieci 2024 r. &#8211; pdf  583 Kb</a></span></p>
<p><span style="font-size: 14pt"><a href="https://przedszkole56.edu.wroclaw.pl/wp-content/uploads/sites/51/2022/12/Procedura-postepowania-dziecka-z-alergia-pokarmowa.pdf">Procedura postępowania u dziecka z alergią pokarmową &#8211; pdf 1,38 Mb</a></span></p>
<p><span style="font-size: 14pt"><a href="https://przedszkole56.edu.wroclaw.pl/wp-content/uploads/sites/51/2022/07/procedura-dzieci-zdrowe.pdf">Procedura dotycząca zdrowych i bezpiecznych warunków przebywania dzieci w przedszkolu &#8211; pdf 306 Kb</a></span></p>
<p><span style="font-family: georgia, palatino;font-size: 14pt"><a href="https://przedszkole56.edu.wroclaw.pl/wp-content/uploads/sites/51/2024/05/SYSTEM-OPIEKI-WAKACYJNEJ-harmonogram-1.pdf">System opieki wakacyjnej &#8211; harmonogram 2025 &#8211; pdf 47 Kb</a></span></p>
<p><a href="https://przedszkole56.edu.wroclaw.pl/wp-content/uploads/sites/51/2024/12/Wewnetrzna-procedura-zgloszen.pdf"><span style="font-size: 14pt">Wewnętrzna procedura zgłoszeń &#8211; pdf 654 Kb</span></a></p>
<p><a href="https://przedszkole56.edu.wroclaw.pl/wp-content/uploads/sites/51/2024/12/formularz-zgloszenia-naruszenia-prawa.pdf"><span style="font-size: 14pt">Załącznik nr 7 do Wewnętrznej procedury zgłoszeń &#8211; formularz zgłoszenia naruszenia prawa &#8211; pdf 875 Kb</span></a>[/vc_column_text][/vc_column][/vc_row]</p>
</div>

<p>[vc_row][vc_column][/vc_column][/vc_row][vc_row][vc_column][vc_column_text css=&#8221;&#8221;]DEKLARACJA pobytu dziecka &#8211; pdf 67 Kb Deklaracja alergii pokarmowej &#8211; pdf 87 Kb Wniosek zwolnienie z opłat w związku z wielodzietnością &#8211; pdf 40 Kb Upoważnienie do odbioru [&hellip;]</p>
