
{"id":3827,"date":"2022-09-21T13:47:34","date_gmt":"2022-09-21T11:47:34","guid":{"rendered":"https:\/\/przedszkole56.edu.wroclaw.pl\/?page_id=3827"},"modified":"2025-09-26T15:48:16","modified_gmt":"2025-09-26T13:48:16","slug":"psychologia","status":"publish","type":"page","link":"https:\/\/przedszkole56.edu.wroclaw.pl\/index.php\/psychologia\/","title":{"rendered":"Psycholog"},"content":{"rendered":"<div class=\"wpb-content-wrapper\"><p>[vc_row][vc_column][vc_column_text css=&#8221;&#8221;]<img loading=\"lazy\" decoding=\"async\" class=\"alignnone wp-image-5373\" src=\"https:\/\/przedszkole56.edu.wroclaw.pl\/wp-content\/uploads\/sites\/51\/2024\/05\/psych-pedag-298x300.png\" alt=\"\" width=\"125\" height=\"126\" srcset=\"https:\/\/przedszkole56.edu.wroclaw.pl\/wp-content\/uploads\/sites\/51\/2024\/05\/psych-pedag-298x300.png 298w, https:\/\/przedszkole56.edu.wroclaw.pl\/wp-content\/uploads\/sites\/51\/2024\/05\/psych-pedag-150x150.png 150w, https:\/\/przedszkole56.edu.wroclaw.pl\/wp-content\/uploads\/sites\/51\/2024\/05\/psych-pedag.png 426w\" sizes=\"auto, (max-width: 125px) 100vw, 125px\" \/><\/p>\n<p><span style=\"font-family: georgia, palatino;font-size: 14pt\"><strong><em>Psycholog &#8211;\u00a0 mgr\u00a0 Dagmara Czy\u017c<\/em><\/strong><\/span><\/p>\n<p><strong><span style=\"font-family: georgia, palatino;font-size: 14pt\">Kontakt: <\/span><\/strong><\/p>\n<p><strong><span style=\"font-family: georgia, palatino;font-size: 14pt\">mail: <a class=\"_rpc_i1 o365button\" role=\"link\"><span class=\"allowTextSelection _rpc_C1 ms-font-color-themePrimary ms-font-s\" title=\"dagczy3059@edu.wroclaw.pl\">dagczy3059@edu.wroclaw.pl<\/span><\/a><\/span><\/strong><\/p>\n<p><strong><span style=\"font-family: georgia, palatino;font-size: 14pt\">tel. (71) 798 67 99 wew. 155 lub 149<\/span><\/strong><\/p>\n<p>&nbsp;<\/p>\n<p><span style=\"font-family: 'times new roman', times;font-size: 14pt\"><em><strong>Pomoc psychologiczna udzielana w przedszkolu polega przede wszystkim na rozpoznawaniu oraz zaspokajaniu indywidualnych potrzeb rozwojowych i edukacyjnych dziecka, a tak\u017ce jego mo\u017cliwo\u015bci psychofizycznych. Celem jest wspieranie potencja\u0142u rozwojowego.<\/strong> <\/em><\/span><\/p>\n<p><span style=\"font-family: 'times new roman', times;font-size: 14pt\"><em><strong>Do zada\u0144 psychologa w przedszkolu nale\u017cy m.in:<\/strong> <\/em><\/span><\/p>\n<ul style=\"list-style-type: circle\">\n<li><span style=\"font-family: 'times new roman', times;font-size: 14pt\">obserwacja dzieci w trakcie ich codziennych aktywno\u015bci<\/span><\/li>\n<li><span style=\"font-family: 'times new roman', times;font-size: 14pt\">wst\u0119pna ocena rozwoju psychoruchowego dzieci<\/span><\/li>\n<li><span style=\"font-family: 'times new roman', times;font-size: 14pt\">konsultacje oraz wsparcie pracy nauczycieli<\/span><\/li>\n<li><span style=\"font-family: 'times new roman', times;font-size: 14pt\">konsultacje dla rodzic\u00f3w<\/span><\/li>\n<li><span style=\"font-family: 'times new roman', times;font-size: 14pt\">prowadzenie terapii indywidualnej i\/lub grupowej dla dzieci z orzeczeniem o niepe\u0142nosprawno\u015bci i\/lub opini\u0105 o potrzebie wczesnego wspomagania rozwoju<\/span><\/li>\n<li><span style=\"font-family: 'times new roman', times;font-size: 14pt\">prowadzenie zaj\u0119\u0107 grupowych rozwijaj\u0105cych kompetencje emocjonalno \u2013 spo\u0142eczne<\/span><\/li>\n<li><span style=\"font-family: 'times new roman', times;font-size: 14pt\">indywidualna pomoc dzieciom w trudnych sytuacjach<\/span><\/li>\n<\/ul>\n<p><span style=\"font-family: 'times new roman', times;font-size: 14pt\"><em><strong>Co to jest konsultacja psychologiczna?<\/strong><\/em><\/span><br \/>\n<span style=\"font-family: 'times new roman', times;font-size: 14pt\">To rozmowa z psychologiem. Celem takiego spotkania jest identyfikacja trudno\u015bci rodzica oraz pr\u00f3ba opracowania konkretnych strategii do poradzenia sobie z dan\u0105 sytuacj\u0105 problemow\u0105. W trakcie konsultacji rodzic mo\u017ce porusza\u0107 trudno\u015bci pojawiaj\u0105ce si\u0119 z dzieckiem zar\u00f3wno w przedszkolu, jak i w domu.<\/span><\/p>\n<p><span style=\"font-family: 'times new roman', times;font-size: 14pt\"><em><strong>Kiedy szuka\u0107 pomocy u psychologa?<\/strong><\/em><\/span><br \/>\n<span style=\"font-family: 'times new roman', times;font-size: 14pt\">W ka\u017cdej sytuacji, kiedy zachowanie naszego dziecka nas niepokoi.<\/span><\/p>\n<p><span style=\"font-family: 'times new roman', times;font-size: 14pt\"><em><strong>W jaki spos\u00f3b psycholog przedszkolny udziela pomocy?<\/strong><\/em><\/span><\/p>\n<ul style=\"list-style-type: circle\">\n<li><span style=\"font-family: 'times new roman', times;font-size: 14pt\">przedstawia r\u00f3\u017cne sposoby radzenia sobie z trudnym zachowaniem dziecka<\/span><\/li>\n<li><span style=\"font-family: 'times new roman', times;font-size: 14pt\">przekazuje informacje na temat sposob\u00f3w wspierania rozwoju dziecka<\/span><\/li>\n<li><span style=\"font-family: 'times new roman', times;font-size: 14pt\">kieruje do poradni pedagogiczno \u2013 psychologicznych w celu wykonania diagnozy dziecka<\/span><\/li>\n<\/ul>\n<p>[\/vc_column_text][\/vc_column][\/vc_row]<\/p>\n<\/div>","protected":false},"excerpt":{"rendered":"<p>[vc_row][vc_column][vc_column_text css=&#8221;&#8221;] Psycholog &#8211;\u00a0 mgr\u00a0 Dagmara Czy\u017c Kontakt: mail: dagczy3059@edu.wroclaw.pl tel. (71) 798 67 99 wew. 155 lub 149 &nbsp; Pomoc psychologiczna udzielana w przedszkolu polega przede wszystkim na rozpoznawaniu [&hellip;]<\/p>\n","protected":false},"author":72,"featured_media":0,"parent":0,"menu_order":0,"comment_status":"closed","ping_status":"closed","template":"","meta":{"ngg_post_thumbnail":0,"footnotes":""},"class_list":["post-3827","page","type-page","status-publish","hentry","clearfix"],"_links":{"self":[{"href":"https:\/\/przedszkole56.edu.wroclaw.pl\/index.php\/wp-json\/wp\/v2\/pages\/3827","targetHints":{"allow":["GET"]}}],"collection":[{"href":"https:\/\/przedszkole56.edu.wroclaw.pl\/index.php\/wp-json\/wp\/v2\/pages"}],"about":[{"href":"https:\/\/przedszkole56.edu.wroclaw.pl\/index.php\/wp-json\/wp\/v2\/types\/page"}],"author":[{"embeddable":true,"href":"https:\/\/przedszkole56.edu.wroclaw.pl\/index.php\/wp-json\/wp\/v2\/users\/72"}],"replies":[{"embeddable":true,"href":"https:\/\/przedszkole56.edu.wroclaw.pl\/index.php\/wp-json\/wp\/v2\/comments?post=3827"}],"version-history":[{"count":12,"href":"https:\/\/przedszkole56.edu.wroclaw.pl\/index.php\/wp-json\/wp\/v2\/pages\/3827\/revisions"}],"predecessor-version":[{"id":4841,"href":"https:\/\/przedszkole56.edu.wroclaw.pl\/index.php\/wp-json\/wp\/v2\/pages\/3827\/revisions\/4841"}],"wp:attachment":[{"href":"https:\/\/przedszkole56.edu.wroclaw.pl\/index.php\/wp-json\/wp\/v2\/media?parent=3827"}],"curies":[{"name":"wp","href":"https:\/\/api.w.org\/{rel}","templated":true}]}}