
{"id":304,"date":"2020-11-24T07:59:43","date_gmt":"2020-11-24T06:59:43","guid":{"rendered":"https:\/\/przedszkole56.edu.wroclaw.pl\/?page_id=304"},"modified":"2026-04-17T13:07:16","modified_gmt":"2026-04-17T11:07:16","slug":"jadlospis","status":"publish","type":"page","link":"https:\/\/przedszkole56.edu.wroclaw.pl\/index.php\/jadlospis\/","title":{"rendered":"JAD\u0141OSPIS"},"content":{"rendered":"<div class=\"wpb-content-wrapper\"><p>[vc_row][vc_column][vc_column_text css=&#8221;&#8221;]<\/p>\n<p data-normal-size=\"14\"><strong>UWAGA:\u00a0 Na terenie naszej kuchni w danym dniu, w trakcie przygotowania posi\u0142k\u00f3w, wykorzystano produkty zawieraj\u0105ce substancje mog\u0105ce powodowa\u0107 alergi\u0119 lub reakcj\u0119 nietolerancji (Rozp. PEiR 1169\/2011z dnia 25.10.2011 r. ws. przekazywania konsumentom informacji na temat \u017cywno\u015bci).\u00a0<\/strong><\/p>\n<p data-normal-size=\"14\">Oznakowanie alergen\u00f3w w jad\u0142ospisie jest zgodne z Za\u0142\u0105cznikiem nr 2, dotycz\u0105cym substancji mog\u0105cych powodowa\u0107 alergi\u0119 lub reakcj\u0119 nietolerancji (przyprawy u\u017cywane do potraw mog\u0105 zawiera\u0107 dwutlenek siarki, sezam, orzechy arachidowe, orzechy inne, soj\u0119, <span style=\"text-decoration: underline\">seler wyst\u0119puje w ka\u017cdej zupie)<\/span>.<\/p>\n<p data-normal-size=\"14\">Alergeny wyt\u0142uszczono i oznaczono cyframi przy ka\u017cdym posi\u0142ku.<\/p>\n<p data-normal-size=\"14\">Pobierz plik: <strong><a href=\"https:\/\/przedszkole56.edu.wroclaw.pl\/wp-content\/uploads\/sites\/51\/2023\/09\/alergeny.pdf\">Za\u0142\u0105cznik nr 2 &#8211; Dziennik Urz\u0119dowy Unii Europejskiej &#8211; lista alergen\u00f3w<\/a><\/strong><\/p>\n<p data-normal-size=\"14\"><strong>W ka\u017cdej grupie przedszkolnej dziecko ma dost\u0119p do nieograniczonej ilo\u015bci wody mineralnej niegazowanej.<\/strong><\/p>\n<p data-normal-size=\"14\"><em><strong>DIETY<\/strong><\/em><\/p>\n<p data-normal-size=\"14\">Zamiennik mleka krowiego &#8211; mleko ry\u017cowe bez cukru<\/p>\n<p data-normal-size=\"14\">Diety bezglutenowe &#8211; otrzymuj\u0105 produkty bez glutenu<\/p>\n<p data-normal-size=\"14\">Dla dzieci z alergi\u0105 pokarmow\u0105 i nietolerancj\u0105 niekt\u00f3rych produkt\u00f3w spo\u017cywczych, przygotowywane s\u0105 posi\u0142ki takie same, z artyku\u0142\u00f3w spo\u017cywczych, kt\u00f3re dozwolone s\u0105 w ich dietach<\/p>\n<p>[\/vc_column_text][vc_column_text css=&#8221;&#8221;]<\/p>\n<h2><span style=\"font-size: 10pt\"><img loading=\"lazy\" decoding=\"async\" class=\"wp-image-4962 alignnone\" src=\"https:\/\/przedszkole56.edu.wroclaw.pl\/wp-content\/uploads\/sites\/51\/2024\/01\/kucharka-300x225.jpg\" alt=\"\" width=\"240\" height=\"180\" srcset=\"https:\/\/przedszkole56.edu.wroclaw.pl\/wp-content\/uploads\/sites\/51\/2024\/01\/kucharka-300x225.jpg 300w, https:\/\/przedszkole56.edu.wroclaw.pl\/wp-content\/uploads\/sites\/51\/2024\/01\/kucharka-768x576.jpg 768w, https:\/\/przedszkole56.edu.wroclaw.pl\/wp-content\/uploads\/sites\/51\/2024\/01\/kucharka.jpg 942w\" sizes=\"auto, (max-width: 240px) 100vw, 240px\" \/><\/span><strong><span style=\"font-size: 18pt\"><span style=\"font-family: georgia, palatino\"> <a href=\"https:\/\/przedszkole56.edu.wroclaw.pl\/wp-content\/uploads\/sites\/51\/2026\/04\/Jadlospis-13.04.2026-17.04.2026.pdf\">Jad\u0142ospis 13.04.2026-17.04.2026<\/a><\/span><\/span><\/strong><\/h2>\n<p>[\/vc_column_text][vc_column_text css=&#8221;&#8221;]<span style=\"font-size: 10pt\"><img loading=\"lazy\" decoding=\"async\" class=\"alignnone wp-image-4963\" src=\"https:\/\/przedszkole56.edu.wroclaw.pl\/wp-content\/uploads\/sites\/51\/2024\/01\/garnek-300x280.jpg\" alt=\"garnek\" width=\"193\" height=\"180\" srcset=\"https:\/\/przedszkole56.edu.wroclaw.pl\/wp-content\/uploads\/sites\/51\/2024\/01\/garnek-300x280.jpg 300w, https:\/\/przedszkole56.edu.wroclaw.pl\/wp-content\/uploads\/sites\/51\/2024\/01\/garnek-768x716.jpg 768w, https:\/\/przedszkole56.edu.wroclaw.pl\/wp-content\/uploads\/sites\/51\/2024\/01\/garnek.jpg 813w\" sizes=\"auto, (max-width: 193px) 100vw, 193px\" \/> \u00a0\u00a0 \u00a0\u00a0 \u00a0 <strong><span style=\"font-family: georgia, palatino\"><span style=\"font-size: 18pt\"><a href=\"https:\/\/przedszkole56.edu.wroclaw.pl\/wp-content\/uploads\/sites\/51\/2026\/04\/Jadlospis-20.04.2026-24.04.2026.pdf\">Jad\u0142ospis 20.04.2026 &#8211; 24.04.2026<\/a><\/span><\/span><\/strong><\/span>[\/vc_column_text][vc_column_text css=&#8221;&#8221;]<\/p>\n<h1><strong><span style=\"font-size: 24pt\"><span style=\"color: #ff0000;font-family: 'arial black', 'avant garde'\"><span style=\"font-size: 10pt\"> <img loading=\"lazy\" decoding=\"async\" class=\"alignnone wp-image-2538\" src=\"https:\/\/przedszkole56.edu.wroclaw.pl\/wp-content\/uploads\/sites\/51\/2021\/09\/girl-1773668__340-kucharz-1-206x300.png\" alt=\"\" width=\"138\" height=\"201\" srcset=\"https:\/\/przedszkole56.edu.wroclaw.pl\/wp-content\/uploads\/sites\/51\/2021\/09\/girl-1773668__340-kucharz-1-206x300.png 206w, https:\/\/przedszkole56.edu.wroclaw.pl\/wp-content\/uploads\/sites\/51\/2021\/09\/girl-1773668__340-kucharz-1.png 234w\" sizes=\"auto, (max-width: 138px) 100vw, 138px\" \/><\/span>\u00a0 \u00a0 Sz<\/span><\/span><\/strong><strong><span style=\"font-size: 24pt\"><span style=\"color: #ff0000;font-family: 'arial black', 'avant garde'\">ef kuchni poleca!<\/span><\/span><\/strong><\/h1>\n<h1><\/h1>\n<p>[\/vc_column_text][vc_column_text css=&#8221;&#8221;][\/vc_column_text][vc_gallery type=&#8221;image_grid&#8221; images=&#8221;6689&#8243; css=&#8221;&#8221; title=&#8221;Banan z gorzk\u0105 czekolad\u0105 \ud83c\udf4c\ud83c\udf6b&#8221;][vc_gallery type=&#8221;image_grid&#8221; images=&#8221;6691&#8243; css=&#8221;&#8221; title=&#8221;Hamburgery!\ud83c\udf54&#8221;][vc_gallery type=&#8221;image_grid&#8221; images=&#8221;6760&#8243; css=&#8221;&#8221; title=&#8221;Pierogi z bia\u0142ym serem\ud83e\udd5f&#8221;][vc_column_text css=&#8221;&#8221;]<\/p>\n<div class=\"xdj266r x14z9mp xat24cr x1lziwak x1vvkbs x126k92a\">\n<h2 dir=\"auto\"><span style=\"font-size: 14pt\"><strong>Dzie\u0144 Dyni w Niezapominajce <span class=\"html-span xexx8yu xyri2b x18d9i69 x1c1uobl x1hl2dhg x16tdsg8 x1vvkbs x3nfvp2 x1j61x8r x1fcty0u xdj266r xat24cr xm2jcoa x1mpyi22 xxymvpz xlup9mm x1kky2od\"><img loading=\"lazy\" decoding=\"async\" class=\"xz74otr x15mokao x1ga7v0g x16uus16 xbiv7yw\" src=\"https:\/\/static.xx.fbcdn.net\/images\/emoji.php\/v9\/t86\/1\/16\/1f383.png\" alt=\"\ud83c\udf83\" width=\"16\" height=\"16\" \/> &#8211; 31 pa\u017adziernika 2025<\/span><\/strong><\/span><\/h2>\n<\/div>\n<div class=\"x14z9mp xat24cr x1lziwak x1vvkbs xtlvy1s x126k92a\">\n<h2 dir=\"auto\"><span style=\"font-size: 12pt\"><strong>Dzisiejszy dzie\u0144 w naszej przedszkolnej kuchni pachnia\u0142 jesieni\u0105! <\/strong><\/span><span style=\"font-size: 12pt\"><strong>Kr\u00f3lowa sto\u0142u by\u0142a tylko jedna \u2013 dynia, pe\u0142na koloru, smaku i witamin. <\/strong><\/span><span style=\"font-size: 12pt\"><strong>Na \u015bniadanie czeka\u0142 na dzieci puszysty chleb dyniowy, delikatnie s\u0142odkawy, idealny z mas\u0142em i innymi dodatkami. <\/strong><strong><span class=\"html-span xexx8yu xyri2b x18d9i69 x1c1uobl x1hl2dhg x16tdsg8 x1vvkbs x3nfvp2 x1j61x8r x1fcty0u xdj266r xat24cr xm2jcoa x1mpyi22 xxymvpz xlup9mm x1kky2od\"><img loading=\"lazy\" decoding=\"async\" class=\"xz74otr x15mokao x1ga7v0g x16uus16 xbiv7yw\" src=\"https:\/\/static.xx.fbcdn.net\/images\/emoji.php\/v9\/tdb\/1\/16\/1f35e.png\" alt=\"\ud83c\udf5e\" width=\"16\" height=\"16\" \/> <\/span><\/strong><strong style=\"font-size: 12pt\">Na obiad serwowali\u015bmy aksamitn\u0105 zup\u0119 krem z dyni z mleczkiem kokosowym, rozgrzewaj\u0105c\u0105 i aromatyczn\u0105. <\/strong><\/span><strong style=\"font-size: 12pt\">Daniem g\u0142\u00f3wnym by\u0142 soczysty indyk w sosie dyniowym, podany z ry\u017cem \u2013 po\u0142\u0105czenie, kt\u00f3re zachwyci\u0142o nawet ma\u0142ych niejadk\u00f3w. <span class=\"html-span xexx8yu xyri2b x18d9i69 x1c1uobl x1hl2dhg x16tdsg8 x1vvkbs x3nfvp2 x1j61x8r x1fcty0u xdj266r xat24cr xm2jcoa x1mpyi22 xxymvpz xlup9mm x1kky2od\"><img loading=\"lazy\" decoding=\"async\" class=\"xz74otr x15mokao x1ga7v0g x16uus16 xbiv7yw\" src=\"https:\/\/static.xx.fbcdn.net\/images\/emoji.php\/v9\/t58\/1\/16\/1f35b.png\" alt=\"\ud83c\udf5b\" width=\"16\" height=\"16\" \/><\/span><\/strong><strong style=\"font-size: 12pt\"><span class=\"html-span xexx8yu xyri2b x18d9i69 x1c1uobl x1hl2dhg x16tdsg8 x1vvkbs x3nfvp2 x1j61x8r x1fcty0u xdj266r xat24cr xm2jcoa x1mpyi22 xxymvpz xlup9mm x1kky2od\"><img loading=\"lazy\" decoding=\"async\" class=\"xz74otr x15mokao x1ga7v0g x16uus16 xbiv7yw\" src=\"https:\/\/static.xx.fbcdn.net\/images\/emoji.php\/v9\/tfd\/1\/16\/1f9e1.png\" alt=\"\ud83e\udde1\" width=\"16\" height=\"16\" \/> <\/span><\/strong><strong style=\"font-size: 12pt\">A na deser \u2013 prawdziwa uczta! Muffinki dyniowe, pachn\u0105ce cynamonem i wanili\u0105, kt\u00f3re znika\u0142y z talerzy w mgnieniu oka. <span class=\"html-span xexx8yu xyri2b x18d9i69 x1c1uobl x1hl2dhg x16tdsg8 x1vvkbs x3nfvp2 x1j61x8r x1fcty0u xdj266r xat24cr xm2jcoa x1mpyi22 xxymvpz xlup9mm x1kky2od\"><img loading=\"lazy\" decoding=\"async\" class=\"xz74otr x15mokao x1ga7v0g x16uus16 xbiv7yw\" src=\"https:\/\/static.xx.fbcdn.net\/images\/emoji.php\/v9\/tbf\/1\/16\/1f9c1.png\" alt=\"\ud83e\uddc1\" width=\"16\" height=\"16\" \/><\/span><span class=\"html-span xexx8yu xyri2b x18d9i69 x1c1uobl x1hl2dhg x16tdsg8 x1vvkbs x3nfvp2 x1j61x8r x1fcty0u xdj266r xat24cr xm2jcoa x1mpyi22 xxymvpz xlup9mm x1kky2od\"><img loading=\"lazy\" decoding=\"async\" class=\"xz74otr x15mokao x1ga7v0g x16uus16 xbiv7yw\" src=\"https:\/\/static.xx.fbcdn.net\/images\/emoji.php\/v9\/t86\/1\/16\/1f383.png\" alt=\"\ud83c\udf83\" width=\"16\" height=\"16\" \/><\/span><\/strong><\/h2>\n<\/div>\n<div class=\"x14z9mp xat24cr x1lziwak x1vvkbs xtlvy1s x126k92a\">\n<h2 dir=\"auto\"><span style=\"font-size: 12pt\"><strong>Ogromne podzi\u0119kowania dla naszych pa\u0144 kucharek<span class=\"html-span xexx8yu xyri2b x18d9i69 x1c1uobl x1hl2dhg x16tdsg8 x1vvkbs x3nfvp2 x1j61x8r x1fcty0u xdj266r xat24cr xm2jcoa x1mpyi22 xxymvpz xlup9mm x1kky2od\"><img loading=\"lazy\" decoding=\"async\" class=\"xz74otr x15mokao x1ga7v0g x16uus16 xbiv7yw\" src=\"https:\/\/static.xx.fbcdn.net\/images\/emoji.php\/v9\/tfd\/1\/16\/1f9e1.png\" alt=\"\ud83e\udde1\" width=\"16\" height=\"16\" \/><\/span><\/strong><\/span><\/h2>\n<\/div>\n<p>[\/vc_column_text][\/vc_column][\/vc_row][vc_row][vc_column][vc_gallery type=&#8221;image_grid&#8221; images=&#8221;6914,6915,6916,6917&#8243; css=&#8221;&#8221;][vc_gallery type=&#8221;image_grid&#8221; images=&#8221;7303,7302,7301&#8243; css=&#8221;&#8221; title=&#8221;\ud83d\udc68\u200d\ud83c\udf73Szef kuchni poleca! Pi\u0105tki w Niezapominajce to ma\u0142e kulinarne \u015bwi\u0119to! \ud83e\udd52\ud83e\uddc0\ud83c\udf45 W ka\u017cdy pi\u0105tek czeka na dzieci szwedzki st\u00f3\u0142 \u2013 pe\u0142en \u015bwie\u017cych warzyw, ser\u00f3w, w\u0119dlin i dodatk\u00f3w. To dzieci same komponuj\u0105 swoje kanapki, same decyduj\u0105, co wybior\u0105, ucz\u0105 si\u0119 samodzielno\u015bci, dokonywania wybor\u00f3w i poznaj\u0105 nowe smaki. To nie tylko pyszne \u015bniadanie, ale te\u017c: \u2714\ufe0fnauka odpowiedzialno\u015bci \u2714\ufe0f\u0107wiczenie sprawno\u015bci r\u0105k \u2714\ufe0frozwijanie zdrowych nawyk\u00f3w \u2714\ufe0frado\u015b\u0107 ze wsp\u00f3lnego przygotowywania posi\u0142ku Bo najlepsza kanapka to ta zrobiona w\u0142asnor\u0119cznie\ud83d\ude42&#8221;][vc_gallery type=&#8221;image_grid&#8221; images=&#8221;7399,7394,7395,7396,7397,7398&#8243; css=&#8221;&#8221; title=&#8221;#Szefkuchnipoleca \ud83d\udc69\u200d\ud83c\udf73 Tradycyjnie, jak w ka\u017cdy pi\u0105tek, \u015bniadanie Mistrz\u00f3w \ud83c\udf7d. Warzywa, domowa piecze\u0144, sery, jajka, a na deser autorska nutella z bananem i awokado. Jest moc!&#8221;][\/vc_column][\/vc_row]<\/p>\n<\/div>","protected":false},"excerpt":{"rendered":"<p>[vc_row][vc_column][vc_column_text css=&#8221;&#8221;] UWAGA:\u00a0 Na terenie naszej kuchni w danym dniu, w trakcie przygotowania posi\u0142k\u00f3w, wykorzystano produkty zawieraj\u0105ce substancje mog\u0105ce powodowa\u0107 alergi\u0119 lub reakcj\u0119 nietolerancji (Rozp. PEiR 1169\/2011z dnia 25.10.2011 r. [&hellip;]<\/p>\n","protected":false},"author":72,"featured_media":0,"parent":0,"menu_order":0,"comment_status":"closed","ping_status":"closed","template":"","meta":{"ngg_post_thumbnail":0,"footnotes":""},"class_list":["post-304","page","type-page","status-publish","hentry","clearfix"],"_links":{"self":[{"href":"https:\/\/przedszkole56.edu.wroclaw.pl\/index.php\/wp-json\/wp\/v2\/pages\/304","targetHints":{"allow":["GET"]}}],"collection":[{"href":"https:\/\/przedszkole56.edu.wroclaw.pl\/index.php\/wp-json\/wp\/v2\/pages"}],"about":[{"href":"https:\/\/przedszkole56.edu.wroclaw.pl\/index.php\/wp-json\/wp\/v2\/types\/page"}],"author":[{"embeddable":true,"href":"https:\/\/przedszkole56.edu.wroclaw.pl\/index.php\/wp-json\/wp\/v2\/users\/72"}],"replies":[{"embeddable":true,"href":"https:\/\/przedszkole56.edu.wroclaw.pl\/index.php\/wp-json\/wp\/v2\/comments?post=304"}],"version-history":[{"count":307,"href":"https:\/\/przedszkole56.edu.wroclaw.pl\/index.php\/wp-json\/wp\/v2\/pages\/304\/revisions"}],"predecessor-version":[{"id":7495,"href":"https:\/\/przedszkole56.edu.wroclaw.pl\/index.php\/wp-json\/wp\/v2\/pages\/304\/revisions\/7495"}],"wp:attachment":[{"href":"https:\/\/przedszkole56.edu.wroclaw.pl\/index.php\/wp-json\/wp\/v2\/media?parent=304"}],"curies":[{"name":"wp","href":"https:\/\/api.w.org\/{rel}","templated":true}]}}