
{"id":29,"date":"2020-11-06T11:20:46","date_gmt":"2020-11-06T10:20:46","guid":{"rendered":"https:\/\/przedszkole56.edu.wroclaw.pl\/?page_id=29"},"modified":"2024-02-22T10:38:53","modified_gmt":"2024-02-22T09:38:53","slug":"o-przedszkolu","status":"publish","type":"page","link":"https:\/\/przedszkole56.edu.wroclaw.pl\/index.php\/strona-glowna\/o-przedszkolu\/","title":{"rendered":"O przedszkolu"},"content":{"rendered":"<div class=\"wpb-content-wrapper\"><p>[vc_row css=&#8221;.vc_custom_1708080696958{background-image: url(https:\/\/przedszkole56.edu.wroclaw.pl\/wp-content\/uploads\/sites\/51\/2024\/02\/Projekt-bez-nazwy-5.jpg?id=5129) !important;background-position: center !important;background-repeat: no-repeat !important;background-size: cover !important;border-radius: 1px !important;}&#8221;][vc_column][vc_column_text css_animation=&#8221;right-to-left&#8221;]<\/p>\n<div class=\"page-header\">\n<h2><img decoding=\"async\" class=\"aligncenter\" style=\"font-size: 16px\" src=\"https:\/\/przedszkole56.pl\/images\/articles\/kwiatki.gif\" alt=\"\" border=\"0\" \/><\/h2>\n<\/div>\n<p style=\"text-align: center\" data-normal-size=\"14\"><span style=\"font-family: 'times new roman', times;font-size: 24pt\"><strong><em><img loading=\"lazy\" decoding=\"async\" class=\"alignnone wp-image-5141\" src=\"https:\/\/przedszkole56.edu.wroclaw.pl\/wp-content\/uploads\/sites\/51\/2024\/02\/niezap-ram-1-300x300.jpg\" alt=\"\" width=\"188\" height=\"188\" srcset=\"https:\/\/przedszkole56.edu.wroclaw.pl\/wp-content\/uploads\/sites\/51\/2024\/02\/niezap-ram-1-300x300.jpg 300w, https:\/\/przedszkole56.edu.wroclaw.pl\/wp-content\/uploads\/sites\/51\/2024\/02\/niezap-ram-1-150x150.jpg 150w, https:\/\/przedszkole56.edu.wroclaw.pl\/wp-content\/uploads\/sites\/51\/2024\/02\/niezap-ram-1-768x768.jpg 768w, https:\/\/przedszkole56.edu.wroclaw.pl\/wp-content\/uploads\/sites\/51\/2024\/02\/niezap-ram-1.jpg 960w\" sizes=\"auto, (max-width: 188px) 100vw, 188px\" \/><\/em><\/strong><\/span><\/p>\n<p style=\"text-align: center\" data-normal-size=\"14\"><span style=\"font-family: 'times new roman', times;font-size: 24pt\"><strong><em>Nasze przedszkole zapewnia wszechstronny, bezpieczny, <\/em><\/strong><\/span><span style=\"font-family: 'times new roman', times;font-size: 24pt\"><strong><em>radosny<\/em><\/strong><\/span><\/p>\n<p style=\"text-align: center\" data-normal-size=\"14\"><span style=\"font-family: 'times new roman', times;font-size: 24pt\"><strong><em> rozw\u00f3j wszystkim swoim wychowankom.<\/em><\/strong><\/span><\/p>\n<p style=\"text-align: center\" data-normal-size=\"14\"><span style=\"font-family: 'times new roman', times;font-size: 24pt\"><strong><em>Ka\u017cde dziecko traktujemy indywidualnie i podmiotowo.<\/em><\/strong><\/span><\/p>\n<p style=\"text-align: center\" data-normal-size=\"14\"><span style=\"font-family: 'times new roman', times;font-size: 24pt\"><strong>\u00a0<em>Sprawiamy, \u017ce czuje si\u0119 ono kochane, akceptowane i szcz\u0119\u015bliwe.<\/em><\/strong><\/span><\/p>\n<p style=\"text-align: center\" data-normal-size=\"14\"><span style=\"font-family: 'times new roman', times;font-size: 24pt\"><strong><em>Przygotowujemy je do prze\u017cywania sukcesu i radzenia sobie z pora\u017ckami.<\/em><\/strong><\/span><\/p>\n<p>&nbsp;<\/p>\n<p style=\"text-align: center\" data-normal-size=\"14\"><span style=\"font-family: 'times new roman', times;font-size: 24pt\">Przedszkole nr 56 \u201eNiezapominajka\u201d<\/span><\/p>\n<p style=\"text-align: center\" data-normal-size=\"14\"><span style=\"font-family: 'times new roman', times;font-size: 18pt\">jest czynne od poniedzia\u0142ku do pi\u0105tku<\/span><\/p>\n<p style=\"text-align: center\" data-normal-size=\"14\"><span style=\"font-family: 'times new roman', times;font-size: 18pt\">w godzinach 7.00 \u2013 17.00<\/span><\/p>\n<div class=\"vc_row wpb_row vc_row-fluid vc_custom_1708001313246 vc_row-has-fill\">\n<div class=\"wpb_column vc_column_container vc_col-sm-12\">\n<div class=\"vc_column-inner\">\n<div class=\"wpb_wrapper\">\n<div class=\"wpb_text_column wpb_content_element \">\n<div class=\"wpb_wrapper\">\n<p style=\"text-align: center\" data-normal-size=\"14\"><span style=\"font-size: 18pt;font-family: 'times new roman', times\">Dyrektorem przedszkola od 1 wrze\u015bnia 2002 roku jest<\/span><\/p>\n<p style=\"text-align: center\" data-normal-size=\"14\"><strong><span style=\"font-size: 18pt;font-family: 'times new roman', times\">mgr Katarzyna G\u0142owik \u2013 Jamr\u00f3z,<\/span><\/strong><\/p>\n<p style=\"text-align: center\" data-normal-size=\"14\"><span style=\"font-family: 'times new roman', times;font-size: 14pt\">Wicedyrektorami:<\/span><\/p>\n<p style=\"text-align: center\" data-normal-size=\"14\"><strong><span style=\"font-family: 'times new roman', times;font-size: 14pt\">Bogna Ziarko, mgr Beata Zeidler<\/span><\/strong><\/p>\n<p data-normal-size=\"14\">\n<\/div>\n<\/div>\n<div class=\"wpb_text_column wpb_content_element \">\n<div class=\"wpb_wrapper\" style=\"text-align: center\">\n<p data-normal-size=\"14\"><span style=\"font-family: 'times new roman', times;font-size: 14pt\">Organ prowadz\u0105cy<\/span><\/p>\n<p><span style=\"font-family: 'times new roman', times;font-size: 14pt;text-align: center\">Gmina Wroc\u0142aw<\/span><\/p>\n<p data-normal-size=\"14\"><span style=\"font-family: 'times new roman', times;font-size: 14pt\">Nadz\u00f3r pedagogiczny sprawuje<\/span><\/p>\n<p data-normal-size=\"14\"><span style=\"font-family: 'times new roman', times;font-size: 14pt\">Dolno\u015bl\u0105skie Kuratorium O\u015bwiaty<\/span><\/p>\n<\/div>\n<\/div>\n<\/div>\n<\/div>\n<\/div>\n<\/div>\n<p>[\/vc_column_text][\/vc_column][\/vc_row][vc_row][vc_column][\/vc_column][\/vc_row][vc_row css=&#8221;.vc_custom_1708069130920{background-image: url(https:\/\/przedszkole56.edu.wroclaw.pl\/wp-content\/uploads\/sites\/51\/2024\/02\/Projekt-bez-nazwy-5.jpg?id=5129) !important;background-position: center !important;background-repeat: no-repeat !important;background-size: cover !important;border-radius: 1px !important;}&#8221;][vc_column][vc_column_text]<\/p>\n<div class=\"wpb_text_column wpb_content_element \">\n<div class=\"wpb_wrapper\">\n<p style=\"text-align: center\" data-normal-size=\"14\"><span style=\"font-size: 18pt;font-family: 'times new roman', times\"><strong>NIEZAPOMINAJKA<\/strong><\/span><\/p>\n<p style=\"text-align: center\" data-normal-size=\"14\"><span style=\"font-size: 18pt;font-family: 'times new roman', times\">istnieje po to,<\/span><\/p>\n<p style=\"text-align: center\" data-normal-size=\"14\"><span style=\"font-size: 18pt;font-family: 'times new roman', times\">aby zapewni\u0107 swoim wychowankom wszechstronny rozw\u00f3j psychofizyczny,<\/span><\/p>\n<p style=\"text-align: center\" data-normal-size=\"14\"><span style=\"font-size: 18pt;font-family: 'times new roman', times\">dobry start na drodze dalszej edukacji,<\/span><\/p>\n<p style=\"text-align: center\" data-normal-size=\"14\"><span style=\"font-size: 18pt;font-family: 'times new roman', times\">samodzielno\u015b\u0107 i zdobycie umiej\u0119tno\u015bci dobrego funkcjonowania w\u015br\u00f3d r\u00f3wie\u015bnik\u00f3w.<\/span><\/p>\n<p data-normal-size=\"14\">\n<\/div>\n<\/div>\n<div class=\"wpb_text_column wpb_content_element \" style=\"text-align: center\">\n<div class=\"wpb_wrapper\">\n<p data-normal-size=\"14\"><span style=\"font-size: 18pt;font-family: 'times new roman', times\"><strong>NIEZAPOMINAJKA<\/strong><\/span><\/p>\n<p data-normal-size=\"14\"><span style=\"font-size: 18pt;font-family: 'times new roman', times\">\u00a0promuje osi\u0105gni\u0119cia i sukcesy swoich wychowank\u00f3w.<\/span><\/p>\n<p data-normal-size=\"14\"><span style=\"font-size: 18pt;font-family: 'times new roman', times\">Oferuje du\u017c\u0105 ilo\u015b\u0107 zaj\u0119\u0107 wspomagaj\u0105cych tw\u00f3rcze my\u015blenie, rozwijaj\u0105cych indywidualne zdolno\u015bci, aktywizuj\u0105cych i przygotowuj\u0105cych do dalszego, samodzielnego kszta\u0142cenia i funkcjonowania w spo\u0142ecze\u0144stwie.<\/span><\/p>\n<p data-normal-size=\"14\"><span style=\"font-size: 18pt;font-family: 'times new roman', times\">Koncepcja dzia\u0142a\u0144 oparta jest o szczeg\u00f3\u0142ow\u0105 analiz\u0119 oczekiwa\u0144 i potrzeb naszych klient\u00f3w: wychowank\u00f3w i ich rodzic\u00f3w.<\/span><\/p>\n<p data-normal-size=\"14\"><span style=\"font-size: 18pt;font-family: 'times new roman', times\">Przedszkole propaguje ide\u0119 rozwoju zr\u00f3wnowa\u017conego i kszta\u0142tuje zachowania przyjazne zdrowiu.<\/span><\/p>\n<\/div>\n<\/div>\n<div class=\"wpb_text_column wpb_content_element \">\n<div class=\"wpb_wrapper\">\n<p style=\"text-align: center\" data-normal-size=\"14\"><span style=\"font-size: 18pt;font-family: 'times new roman', times\">Przedszkole jest otwarte na potrzeby dzieci i rodzic\u00f3w.<\/span><\/p>\n<p style=\"text-align: center\" data-normal-size=\"14\"><span style=\"font-size: 18pt;font-family: 'times new roman', times\">Koncepcj\u0119 edukacji osadzili\u015bmy na g\u0142\u0119boko rozumianym dialogu rodzic\u00f3w, nauczycieli oraz \u015brodowiska lokalnego.<\/span><\/p>\n<p style=\"text-align: center\" data-normal-size=\"14\"><span style=\"font-size: 18pt;font-family: 'times new roman', times\">Wsp\u00f3\u0142tw\u00f3rcami naszych dzia\u0142a\u0144 i wsp\u00f3\u0142autorami sukces\u00f3w dzieci, s\u0105 rodzice. Zapewniamy im wsparcie w ich roli wychowawczej oraz dost\u0119p do rzetelnej i szczeg\u00f3\u0142owej informacji o post\u0119pach ich dzieci.<\/span><\/p>\n<p style=\"text-align: center\" data-normal-size=\"14\"><span style=\"font-size: 18pt;font-family: 'times new roman', times\">Przedszkole stwarza przyjazn\u0105, domow\u0105 atmosfer\u0119 oraz zapewnia optymalne warunki do rozwijania osobowo\u015bci dzieci, zaspokaja ich potrzeby, wspiera w rozwijaniu zdolno\u015bci i zainteresowa\u0144.<\/span><\/p>\n<p style=\"text-align: center\" data-normal-size=\"14\"><span style=\"font-size: 18pt;font-family: 'times new roman', times\">Wykorzystuje naturaln\u0105 potrzeb\u0119 dzia\u0142ania dzieci stwarzaj\u0105c takie sytuacje, kt\u00f3re wyzwol\u0105 u niego prze\u017cycia i sk\u0142oni\u0105 do kreatywnego ich wyra\u017cania.<\/span><\/p>\n<p style=\"text-align: center\" data-normal-size=\"14\"><span style=\"font-size: 18pt;font-family: 'times new roman', times\">Umo\u017cliwia wyr\u00f3wnywanie szans edukacyjnych wszystkim dzieciom oraz uwzgl\u0119dnia potrzeby \u015brodowiska.<\/span><\/p>\n<p style=\"text-align: center\" data-normal-size=\"14\"><span style=\"font-size: 18pt;font-family: 'times new roman', times\">Wychowuje dziecko aktywne, wra\u017cliwe, samodzielne i radz\u0105ce sobie z problemami.<\/span><\/p>\n<p style=\"text-align: center\" data-normal-size=\"14\"><span style=\"font-size: 18pt;font-family: 'times new roman', times\">Pod\u0105\u017ca za indywidualnym tempem rozwoju dziecka, respektuje jego potrzeby, wspiera w d\u0105\u017ceniu do samodzielno\u015bci i niezale\u017cno\u015bci.<\/span><\/p>\n<p style=\"text-align: center\" data-normal-size=\"14\"><span style=\"font-size: 18pt;font-family: 'times new roman', times\">Wyposa\u017ca dzieci w wiedz\u0119 i umiej\u0119tno\u015bci niezb\u0119dne do powodzenia w nauce szkolnej.<\/span><\/p>\n<p style=\"text-align: center\" data-normal-size=\"14\">\n<\/div>\n<\/div>\n<p>[\/vc_column_text][\/vc_column][\/vc_row][vc_row css=&#8221;.vc_custom_1708070148407{background-image: url(https:\/\/przedszkole56.edu.wroclaw.pl\/wp-content\/uploads\/sites\/51\/2024\/02\/Projekt-bez-nazwy-5.jpg?id=5129) !important;border-radius: 1px !important;}&#8221;][vc_column][vc_column_text]<\/p>\n<p style=\"text-align: center\" data-normal-size=\"14\"><span style=\"font-family: 'times new roman', times;font-size: 24pt\">Przedszkole nr 56 \u201eNiezapominajka\u201d<\/span><\/p>\n<p style=\"text-align: center\" data-normal-size=\"14\"><span style=\"font-family: 'times new roman', times;font-size: 24pt\">mie\u015bci si\u0119 w trzech budynkach<\/span><\/p>\n<p style=\"text-align: center\" data-normal-size=\"14\"><img loading=\"lazy\" decoding=\"async\" class=\"alignnone wp-image-5005\" src=\"https:\/\/przedszkole56.edu.wroclaw.pl\/wp-content\/uploads\/sites\/51\/2024\/01\/Przedszkole_nr_56_Mala_Niezapominajka_ul_Walbrzyska_Wroclaw_89709063-300x216.jpg\" alt=\"\" width=\"263\" height=\"189\" srcset=\"https:\/\/przedszkole56.edu.wroclaw.pl\/wp-content\/uploads\/sites\/51\/2024\/01\/Przedszkole_nr_56_Mala_Niezapominajka_ul_Walbrzyska_Wroclaw_89709063-300x216.jpg 300w, https:\/\/przedszkole56.edu.wroclaw.pl\/wp-content\/uploads\/sites\/51\/2024\/01\/Przedszkole_nr_56_Mala_Niezapominajka_ul_Walbrzyska_Wroclaw_89709063-1024x737.jpg 1024w, https:\/\/przedszkole56.edu.wroclaw.pl\/wp-content\/uploads\/sites\/51\/2024\/01\/Przedszkole_nr_56_Mala_Niezapominajka_ul_Walbrzyska_Wroclaw_89709063-768x553.jpg 768w, https:\/\/przedszkole56.edu.wroclaw.pl\/wp-content\/uploads\/sites\/51\/2024\/01\/Przedszkole_nr_56_Mala_Niezapominajka_ul_Walbrzyska_Wroclaw_89709063.jpg 1349w\" sizes=\"auto, (max-width: 263px) 100vw, 263px\" \/><\/p>\n<p style=\"text-align: center\" data-normal-size=\"14\"><span style=\"font-family: 'times new roman', times;font-size: 14pt\"><strong>MA\u0141A NIEZAPOMINAJKA<\/strong><\/span><\/p>\n<p style=\"text-align: center\" data-normal-size=\"14\"><span style=\"font-family: 'times new roman', times;font-size: 14pt\">budynek wolnostoj\u0105cy, dwupi\u0119trowy przy ul. Wa\u0142brzyskiej 16.<\/span><\/p>\n<p style=\"text-align: center\" data-normal-size=\"14\"><span style=\"font-family: 'times new roman', times;font-size: 14pt\">Znajduje si\u0119 tutaj 5 sal dydaktycznych,<\/span><\/p>\n<p style=\"text-align: center\" data-normal-size=\"14\"><span style=\"font-family: 'times new roman', times;font-size: 14pt\">ma\u0142a sala do zaj\u0119\u0107 dodatkowych i gimnastyki korekcyjnej, biblioteka, garderoba, pomieszczenia gospodarcze,<\/span><\/p>\n<p style=\"text-align: center\" data-normal-size=\"14\"><span style=\"font-family: 'times new roman', times;font-size: 14pt\">pok\u00f3j do zaj\u0119\u0107 indywidualnych, w\u0142asna kuchnia, pomieszczenia gospodarcze.<\/span><\/p>\n<p style=\"text-align: center\" data-normal-size=\"14\"><img loading=\"lazy\" decoding=\"async\" class=\"alignnone wp-image-5127\" src=\"https:\/\/przedszkole56.edu.wroclaw.pl\/wp-content\/uploads\/sites\/51\/2024\/02\/F01213-duza.jpg\" alt=\"\" width=\"276\" height=\"207\" \/><\/p>\n<p style=\"text-align: center\" data-normal-size=\"14\"><span style=\"font-family: 'times new roman', times;font-size: 14pt\"><strong>DU\u017bA NIEZAPOMINAJKA<\/strong><\/span><\/p>\n<p style=\"text-align: center\" data-normal-size=\"14\"><span style=\"font-family: 'times new roman', times;font-size: 14pt\">budynek wolnostoj\u0105cy parterowy, przy ul. Wa\u0142brzyskiej 2a.<\/span><\/p>\n<p style=\"text-align: center\" data-normal-size=\"14\"><span style=\"font-family: 'times new roman', times;font-size: 14pt\">Posiada 6 sal dydaktycznych, du\u017c\u0105 sal\u0119 rekreacyjn\u0105 ze scen\u0105, garderob\u0119, bibliotek\u0119, pok\u00f3j nauczycielski, sal\u0119 konferencyjn\u0105,<\/span><\/p>\n<p style=\"text-align: center\" data-normal-size=\"14\"><span style=\"font-family: 'times new roman', times;font-size: 14pt\">pomieszczenia gospodarcze,<\/span><\/p>\n<p style=\"text-align: center\" data-normal-size=\"14\"><span style=\"font-family: 'times new roman', times;font-size: 14pt\">pralni\u0119 i catering (posi\u0142ki s\u0105 przygotowywane w Wielkiej Niezapominajce).<\/span><\/p>\n<p style=\"text-align: center\" data-normal-size=\"14\"><span style=\"font-family: 'times new roman', times;font-size: 14pt\"><img loading=\"lazy\" decoding=\"async\" class=\"alignnone wp-image-5008\" src=\"https:\/\/przedszkole56.edu.wroclaw.pl\/wp-content\/uploads\/sites\/51\/2024\/01\/Przedszkole_nr_56_Wielka_Niezapominajka_ul_Dozynkowa_Wroclaw_7375019-300x153.png\" alt=\"\" width=\"278\" height=\"142\" srcset=\"https:\/\/przedszkole56.edu.wroclaw.pl\/wp-content\/uploads\/sites\/51\/2024\/01\/Przedszkole_nr_56_Wielka_Niezapominajka_ul_Dozynkowa_Wroclaw_7375019-300x153.png 300w, https:\/\/przedszkole56.edu.wroclaw.pl\/wp-content\/uploads\/sites\/51\/2024\/01\/Przedszkole_nr_56_Wielka_Niezapominajka_ul_Dozynkowa_Wroclaw_7375019-1024x522.png 1024w, https:\/\/przedszkole56.edu.wroclaw.pl\/wp-content\/uploads\/sites\/51\/2024\/01\/Przedszkole_nr_56_Wielka_Niezapominajka_ul_Dozynkowa_Wroclaw_7375019-768x392.png 768w, https:\/\/przedszkole56.edu.wroclaw.pl\/wp-content\/uploads\/sites\/51\/2024\/01\/Przedszkole_nr_56_Wielka_Niezapominajka_ul_Dozynkowa_Wroclaw_7375019.png 1282w\" sizes=\"auto, (max-width: 278px) 100vw, 278px\" \/><\/span><\/p>\n<p style=\"text-align: center\" data-normal-size=\"14\"><span style=\"font-family: 'times new roman', times;font-size: 14pt\"><strong>WIELKA NIEZAPOMINAJKA<\/strong><\/span><\/p>\n<p style=\"text-align: center\" data-normal-size=\"14\"><span style=\"font-family: 'times new roman', times;font-size: 14pt\">budynek wolnostoj\u0105cy parterowy, przy ul. Do\u017cynkowej 6a.<\/span><\/p>\n<p style=\"text-align: center\" data-normal-size=\"14\"><span style=\"font-family: 'times new roman', times;font-size: 14pt\">Znajduje si\u0119 tutaj\u00a0 8 sal dydaktycznych,<\/span><\/p>\n<p style=\"text-align: center\" data-normal-size=\"14\"><span style=\"font-family: 'times new roman', times;font-size: 14pt\">du\u017ca sala rekreacyjna ze scen\u0105, pok\u00f3j do zaj\u0119\u0107 indywidualnych, garderoba,<\/span><\/p>\n<p style=\"text-align: center\" data-normal-size=\"14\"><span style=\"font-family: 'times new roman', times;font-size: 14pt\">w\u0142asna kuchnia, pomieszczenia gospodarcze i socjalne.<\/span><\/p>\n<p>[\/vc_column_text][\/vc_column][\/vc_row]<\/p>\n<\/div>","protected":false},"excerpt":{"rendered":"<p>[vc_row css=&#8221;.vc_custom_1708080696958{background-image: url(https:\/\/przedszkole56.edu.wroclaw.pl\/wp-content\/uploads\/sites\/51\/2024\/02\/Projekt-bez-nazwy-5.jpg?id=5129) !important;background-position: center !important;background-repeat: no-repeat !important;background-size: cover !important;border-radius: 1px !important;}&#8221;][vc_column][vc_column_text css_animation=&#8221;right-to-left&#8221;] Nasze przedszkole zapewnia wszechstronny, bezpieczny, radosny rozw\u00f3j wszystkim swoim wychowankom. Ka\u017cde dziecko traktujemy indywidualnie i podmiotowo. \u00a0Sprawiamy, [&hellip;]<\/p>\n","protected":false},"author":72,"featured_media":0,"parent":23,"menu_order":0,"comment_status":"closed","ping_status":"closed","template":"","meta":{"ngg_post_thumbnail":0,"footnotes":""},"class_list":["post-29","page","type-page","status-publish","hentry","clearfix"],"_links":{"self":[{"href":"https:\/\/przedszkole56.edu.wroclaw.pl\/index.php\/wp-json\/wp\/v2\/pages\/29","targetHints":{"allow":["GET"]}}],"collection":[{"href":"https:\/\/przedszkole56.edu.wroclaw.pl\/index.php\/wp-json\/wp\/v2\/pages"}],"about":[{"href":"https:\/\/przedszkole56.edu.wroclaw.pl\/index.php\/wp-json\/wp\/v2\/types\/page"}],"author":[{"embeddable":true,"href":"https:\/\/przedszkole56.edu.wroclaw.pl\/index.php\/wp-json\/wp\/v2\/users\/72"}],"replies":[{"embeddable":true,"href":"https:\/\/przedszkole56.edu.wroclaw.pl\/index.php\/wp-json\/wp\/v2\/comments?post=29"}],"version-history":[{"count":19,"href":"https:\/\/przedszkole56.edu.wroclaw.pl\/index.php\/wp-json\/wp\/v2\/pages\/29\/revisions"}],"predecessor-version":[{"id":5143,"href":"https:\/\/przedszkole56.edu.wroclaw.pl\/index.php\/wp-json\/wp\/v2\/pages\/29\/revisions\/5143"}],"up":[{"embeddable":true,"href":"https:\/\/przedszkole56.edu.wroclaw.pl\/index.php\/wp-json\/wp\/v2\/pages\/23"}],"wp:attachment":[{"href":"https:\/\/przedszkole56.edu.wroclaw.pl\/index.php\/wp-json\/wp\/v2\/media?parent=29"}],"curies":[{"name":"wp","href":"https:\/\/api.w.org\/{rel}","templated":true}]}}