
{"id":23,"date":"2020-11-06T11:12:44","date_gmt":"2020-11-06T10:12:44","guid":{"rendered":"https:\/\/przedszkole56.edu.wroclaw.pl\/?page_id=23"},"modified":"2024-04-18T12:14:53","modified_gmt":"2024-04-18T10:14:53","slug":"strona-glowna","status":"publish","type":"page","link":"https:\/\/przedszkole56.edu.wroclaw.pl\/","title":{"rendered":"Strona g\u0142\u00f3wna"},"content":{"rendered":"<div class=\"wpb-content-wrapper\"><p>[vc_row css=&#8221;.vc_custom_1606387970415{padding-top: -30px !important;padding-bottom: 0px !important;}&#8221;][vc_column width=&#8221;1\/6&#8243; css=&#8221;.vc_custom_1606388036076{padding-top: -30px !important;}&#8221;][vc_raw_html]JTNDZGl2JTIwc3R5bGUlM0QlMjJmb250LXNpemUlM0ElMjAyMHB4JTNCJTIwdGV4dC1hbGlnbiUzQSUyMGNlbnRlciUzQiUyMGZvbnQtd2VpZ2h0JTNBJTIwYm9sZCUzQiUyMHBhZGRpbmclM0ElMjAwcHglMjAlMjIlM0UlMEElM0NhJTIwaHJlZiUzRCUyMmh0dHBzJTNBJTJGJTJGcHJ6ZWRzemtvbGU1Ni5lZHUud3JvY2xhdy5wbCUyRmluZGV4LnBocCUyRnN0cm9uYS1nbG93bmElMkZvLXByemVkc3prb2x1JTJGJTIyJTNFJTNDaW1nJTIwc3JjJTNEJTIyaHR0cHMlM0ElMkYlMkZwcnplZHN6a29sZTU2LmVkdS53cm9jbGF3LnBsJTJGd3AtY29udGVudCUyRnVwbG9hZHMlMkZzaXRlcyUyRjUxJTJGMjAyMCUyRjExJTJGby1wcnplZHN6a29sdTEucG5nJTIyJTIwYWx0JTNEJTIyQnVkeW5layUyMG5hJTIwY3plcndvbnltJTIwdGxlJTIyJTNFJTNDJTJGYSUzRSUwQSUzQyUyRmRpdiUzRQ==[\/vc_raw_html][\/vc_column][vc_column width=&#8221;1\/6&#8243;][vc_raw_html]JTNDZGl2JTIwc3R5bGUlM0QlMjJmb250LXNpemUlM0ElMjAyMHB4JTNCJTIwdGV4dC1hbGlnbiUzQSUyMGNlbnRlciUzQiUyMGZvbnQtd2VpZ2h0JTNBJTIwYm9sZCUzQiUyMHBhZGRpbmclM0ElMjAwcHglMjAlMjIlM0UlMEElM0NhJTIwaHJlZiUzRCUyMmh0dHBzJTNBJTJGJTJGcHJ6ZWRzemtvbGU1Ni5lZHUud3JvY2xhdy5wbCUyRmluZGV4LnBocCUyRnN0cm9uYS1nbG93bmElMkZvZmVydGElMkYlMjIlM0UlM0NpbWclMjBzcmMlM0QlMjJodHRwcyUzQSUyRiUyRnByemVkc3prb2xlNTYuZWR1Lndyb2NsYXcucGwlMkZ3cC1jb250ZW50JTJGdXBsb2FkcyUyRnNpdGVzJTJGNTElMkYyMDIxJTJGMDElMkZvc2lhZ25pZWNpYS5wbmclMjIlMjBhbHQlM0QlMjJEb2t1bWVudCUyMGklMjBuYXBpcyUzQSUyME9zaSVDNCU4NWduaSVDNCU5OWNpYSUyMENlcnR5ZmlrYXR5JTIyJTNFJTNDJTJGYSUzRSUwQSUzQyUyRmRpdiUzRQ==[\/vc_raw_html][\/vc_column][vc_column width=&#8221;1\/6&#8243;][vc_raw_html]JTNDZGl2JTIwc3R5bGUlM0QlMjJmb250LXNpemUlM0ElMjAyMHB4JTNCJTIwdGV4dC1hbGlnbiUzQSUyMGNlbnRlciUzQiUyMGZvbnQtd2VpZ2h0JTNBJTIwYm9sZCUzQiUyMHBhZGRpbmclM0ElMjAwcHglMjAlMjIlM0UlMEElM0NhJTIwaHJlZiUzRCUyMmh0dHBzJTNBJTJGJTJGcHJ6ZWRzemtvbGU1Ni5lZHUud3JvY2xhdy5wbCUyRmluZGV4LnBocCUyRnN0cm9uYS1nbG93bmElMkZyZWtydXRhY2phJTJGJTIyJTNFJTNDaW1nJTIwc3JjJTNEJTIyaHR0cHMlM0ElMkYlMkZwcnplZHN6a29sZTU2LmVkdS53cm9jbGF3LnBsJTJGd3AtY29udGVudCUyRnVwbG9hZHMlMkZzaXRlcyUyRjUxJTJGMjAyMCUyRjExJTJGcmVrcnV0YWNqYTFfMS5wbmclMjIlMjBhbHQlM0QlMjJCdWR5bmVrJTIwbmElMjBjemVyd29ueW0lMjB0bGUlMjIlM0UlM0MlMkZhJTNFJTBBJTNDJTJGZGl2JTNF[\/vc_raw_html][\/vc_column][vc_column width=&#8221;1\/6&#8243;][vc_raw_html]JTNDZGl2JTIwc3R5bGUlM0QlMjJmb250LXNpemUlM0ElMjAyMHB4JTNCJTIwdGV4dC1hbGlnbiUzQSUyMGNlbnRlciUzQiUyMGZvbnQtd2VpZ2h0JTNBJTIwYm9sZCUzQiUyMHBhZGRpbmclM0ElMjAwcHglMjAlMjIlM0UlMEElM0NhJTIwaHJlZiUzRCUyMmh0dHBzJTNBJTJGJTJGcHJ6ZWRzemtvbGU1Ni5lZHUud3JvY2xhdy5wbCUyRmluZGV4LnBocCUyRnByb2pla3R5LWVkdWthY3lqbmUlMkYlMjIlM0UlM0NpbWclMjBzcmMlM0QlMjJodHRwcyUzQSUyRiUyRnByemVkc3prb2xlNTYuZWR1Lndyb2NsYXcucGwlMkZ3cC1jb250ZW50JTJGdXBsb2FkcyUyRnNpdGVzJTJGNTElMkYyMDIwJTJGMTElMkZwcm9qZWt0eS1lZHVrYWN5am5lLnBuZyUyMiUyMGFsdCUzRCUyMkJ1ZHluZWslMjBuYSUyMGN6ZXJ3b255bSUyMHRsZSUyMiUzRSUzQyUyRmElM0UlMEElM0MlMkZkaXYlM0U=[\/vc_raw_html][\/vc_column][vc_column width=&#8221;1\/6&#8243;][vc_raw_html]JTNDZGl2JTIwc3R5bGUlM0QlMjJmb250LXNpemUlM0ElMjAyMHB4JTNCJTIwdGV4dC1hbGlnbiUzQSUyMGNlbnRlciUzQiUyMGZvbnQtd2VpZ2h0JTNBJTIwYm9sZCUzQiUyMHBhZGRpbmclM0ElMjAwcHglMjAlMjIlM0UlMEElM0NhJTIwaHJlZiUzRCUyMmh0dHBzJTNBJTJGJTJGcHJ6ZWRzemtvbGU1Ni5lZHUud3JvY2xhdy5wbCUyRmluZGV4LnBocCUyRmphZGxvc3BpcyUyRiUyMiUzRSUzQ2ltZyUyMHNyYyUzRCUyMmh0dHBzJTNBJTJGJTJGcHJ6ZWRzemtvbGU1Ni5lZHUud3JvY2xhdy5wbCUyRndwLWNvbnRlbnQlMkZ1cGxvYWRzJTJGc2l0ZXMlMkY1MSUyRjIwMjAlMkYxMSUyRmphZGxvc3BpczEucG5nJTIyJTIwYWx0JTNEJTIyQnVkeW5layUyMG5hJTIwY3plcndvbnltJTIwdGxlJTIyJTNFJTNDJTJGYSUzRSUwQSUzQyUyRmRpdiUzRQ==[\/vc_raw_html][\/vc_column][vc_column width=&#8221;1\/6&#8243;][vc_raw_html]JTNDZGl2JTIwc3R5bGUlM0QlMjJmb250LXNpemUlM0ElMjAyMHB4JTNCJTIwdGV4dC1hbGlnbiUzQSUyMGNlbnRlciUzQiUyMGZvbnQtd2VpZ2h0JTNBJTIwYm9sZCUzQiUyMHBhZGRpbmclM0ElMjAwcHglMjAlMjIlM0UlMEElM0NhJTIwaHJlZiUzRCUyMmh0dHBzJTNBJTJGJTJGcHJ6ZWRzemtvbGU1Ni5lZHUud3JvY2xhdy5wbCUyRmluZGV4LnBocCUyRnBsaWtpLWRvLXBvYnJhbmlhJTJGJTIyJTNFJTNDaW1nJTIwc3JjJTNEJTIyaHR0cHMlM0ElMkYlMkZwcnplZHN6a29sZTU2LmVkdS53cm9jbGF3LnBsJTJGd3AtY29udGVudCUyRnVwbG9hZHMlMkZzaXRlcyUyRjUxJTJGMjAyMCUyRjExJTJGZG9rdW1lbnR5MV8xLnBuZyUyMiUyMGFsdCUzRCUyMkJ1ZHluZWslMjBuYSUyMGN6ZXJ3b255bSUyMHRsZSUyMiUzRSUzQyUyRmElM0UlMEElM0MlMkZkaXYlM0U=[\/vc_raw_html][\/vc_column][\/vc_row][vc_row][vc_column][vc_column_text css=&#8221;.vc_custom_1606740894661{margin-bottom: -5px !important;}&#8221;]<\/p>\n<p style=\"text-align: center\"><span style=\"font-size: 26pt\"><strong>Aktualno\u015bci<\/strong><\/span><\/p>\n<p>[\/vc_column_text][vc_separator color=&#8221;custom&#8221; border_width=&#8221;3&#8243; el_width=&#8221;60&#8243; accent_color=&#8221;#13c5f5&#8243; css=&#8221;.vc_custom_1606740886008{padding-top: -20px !important;}&#8221;][vc_basic_grid post_type=&#8221;post&#8221; max_items=&#8221;12&#8243; element_width=&#8221;2&#8243; grid_id=&#8221;vc_gid:1713435230189-41d177c8-a18f-4&#8243; taxonomies=&#8221;3&#8243;][vc_empty_space][\/vc_column][\/vc_row][vc_row][vc_column][vc_single_image image=&#8221;3766&#8243; img_size=&#8221;full&#8221; alignment=&#8221;center&#8221;][vc_column_text]<span style=\"font-size: 14pt\"><strong>Dotacje z UNICEF-u dla wroc\u0142awskiej edukacji<\/strong><\/span><\/p>\n<p><span style=\"font-size: 14pt\">Ponad 24,5 mln z\u0142otych dotacji z UNICEF-u, jakie otrzyma Wroc\u0142aw na dzia\u0142ania i projekty pomocowe zwi\u0105zane z uchod\u017acami z Ukrainy przebywaj\u0105cymi w naszym mie\u015bcie, pop\u0142ynie do wroc\u0142awskich plac\u00f3wek o\u015bwiatowych.<\/span><\/p>\n<p><span style=\"font-size: 14pt\">Pieni\u0105dze przeznaczone s\u0105 na \u015bci\u015ble okre\u015blone cele, w tym m.in. na:<\/span><\/p>\n<ul>\n<li><span style=\"font-size: 14pt\">przygotowanie przedszkoli i szk\u00f3\u0142 do nowego roku szkolnego (w zwi\u0105zku z wi\u0119ksz\u0105 liczb\u0105 dzieci w plac\u00f3wkach) &#8211; 7,5 mln z\u0142otych,<\/span><\/li>\n<li><span style=\"font-size: 14pt\">organizacj\u0119 wakacyjnych p\u00f3\u0142kolonii w szko\u0142ach \u2013 2 mln z\u0142otych,<\/span><\/li>\n<li><span style=\"font-size: 14pt\">doposa\u017cenie i rozbudow\u0119 stref rekreacyjnych w 19 przedszkolach i zespo\u0142ach szkolno-przedszkolnych \u2013 ponad 1 mln z\u0142otych,<\/span><\/li>\n<li><span style=\"font-size: 14pt\">zatrudnienie 120 asystent\u00f3w wielokulturowych \u2013 ok. 5 mln z\u0142otych,<\/span><\/li>\n<li><span style=\"font-size: 14pt\">szkolenia podnosz\u0105ce kompetencje wielokulturowe nauczycieli \u2013 78 tys. z\u0142otych,<\/span><\/li>\n<li><span style=\"font-size: 14pt\">szkolenia z j\u0119zyka polskiego dla 50 nauczycieli i asystent\u00f3w wielokulturowych \u2013 10 tys. z\u0142otych.<\/span><\/li>\n<\/ul>\n<p>&nbsp;<\/p>\n<p><span style=\"font-size: 14pt\">Wroc\u0142awskie plac\u00f3wki o\u015bwiatowe otrzymaj\u0105 tak\u017ce m.in. laptopy i tablety z oprogramowaniem oraz przeno\u015bne laboratoria komputerowe (2550 szt. sprz\u0119tu).<\/span><\/p>\n<p><span style=\"font-size: 14pt\">Realizacja zada\u0144, w ramach wsp\u00f3\u0142pracy z UNICEF-em, planowana jest do ko\u0144ca 2022 r.<\/span>[\/vc_column_text][\/vc_column][\/vc_row]<\/p>\n<\/div>","protected":false},"excerpt":{"rendered":"<p>[vc_row css=&#8221;.vc_custom_1606387970415{padding-top: -30px !important;padding-bottom: 0px !important;}&#8221;][vc_column width=&#8221;1\/6&#8243; css=&#8221;.vc_custom_1606388036076{padding-top: -30px !important;}&#8221;][vc_raw_html]JTNDZGl2JTIwc3R5bGUlM0QlMjJmb250LXNpemUlM0ElMjAyMHB4JTNCJTIwdGV4dC1hbGlnbiUzQSUyMGNlbnRlciUzQiUyMGZvbnQtd2VpZ2h0JTNBJTIwYm9sZCUzQiUyMHBhZGRpbmclM0ElMjAwcHglMjAlMjIlM0UlMEElM0NhJTIwaHJlZiUzRCUyMmh0dHBzJTNBJTJGJTJGcHJ6ZWRzemtvbGU1Ni5lZHUud3JvY2xhdy5wbCUyRmluZGV4LnBocCUyRnN0cm9uYS1nbG93bmElMkZvLXByemVkc3prb2x1JTJGJTIyJTNFJTNDaW1nJTIwc3JjJTNEJTIyaHR0cHMlM0ElMkYlMkZwcnplZHN6a29sZTU2LmVkdS53cm9jbGF3LnBsJTJGd3AtY29udGVudCUyRnVwbG9hZHMlMkZzaXRlcyUyRjUxJTJGMjAyMCUyRjExJTJGby1wcnplZHN6a29sdTEucG5nJTIyJTIwYWx0JTNEJTIyQnVkeW5layUyMG5hJTIwY3plcndvbnltJTIwdGxlJTIyJTNFJTNDJTJGYSUzRSUwQSUzQyUyRmRpdiUzRQ==[\/vc_raw_html][\/vc_column][vc_column width=&#8221;1\/6&#8243;][vc_raw_html]JTNDZGl2JTIwc3R5bGUlM0QlMjJmb250LXNpemUlM0ElMjAyMHB4JTNCJTIwdGV4dC1hbGlnbiUzQSUyMGNlbnRlciUzQiUyMGZvbnQtd2VpZ2h0JTNBJTIwYm9sZCUzQiUyMHBhZGRpbmclM0ElMjAwcHglMjAlMjIlM0UlMEElM0NhJTIwaHJlZiUzRCUyMmh0dHBzJTNBJTJGJTJGcHJ6ZWRzemtvbGU1Ni5lZHUud3JvY2xhdy5wbCUyRmluZGV4LnBocCUyRnN0cm9uYS1nbG93bmElMkZvZmVydGElMkYlMjIlM0UlM0NpbWclMjBzcmMlM0QlMjJodHRwcyUzQSUyRiUyRnByemVkc3prb2xlNTYuZWR1Lndyb2NsYXcucGwlMkZ3cC1jb250ZW50JTJGdXBsb2FkcyUyRnNpdGVzJTJGNTElMkYyMDIxJTJGMDElMkZvc2lhZ25pZWNpYS5wbmclMjIlMjBhbHQlM0QlMjJEb2t1bWVudCUyMGklMjBuYXBpcyUzQSUyME9zaSVDNCU4NWduaSVDNCU5OWNpYSUyMENlcnR5ZmlrYXR5JTIyJTNFJTNDJTJGYSUzRSUwQSUzQyUyRmRpdiUzRQ==[\/vc_raw_html][\/vc_column][vc_column width=&#8221;1\/6&#8243;][vc_raw_html]JTNDZGl2JTIwc3R5bGUlM0QlMjJmb250LXNpemUlM0ElMjAyMHB4JTNCJTIwdGV4dC1hbGlnbiUzQSUyMGNlbnRlciUzQiUyMGZvbnQtd2VpZ2h0JTNBJTIwYm9sZCUzQiUyMHBhZGRpbmclM0ElMjAwcHglMjAlMjIlM0UlMEElM0NhJTIwaHJlZiUzRCUyMmh0dHBzJTNBJTJGJTJGcHJ6ZWRzemtvbGU1Ni5lZHUud3JvY2xhdy5wbCUyRmluZGV4LnBocCUyRnN0cm9uYS1nbG93bmElMkZyZWtydXRhY2phJTJGJTIyJTNFJTNDaW1nJTIwc3JjJTNEJTIyaHR0cHMlM0ElMkYlMkZwcnplZHN6a29sZTU2LmVkdS53cm9jbGF3LnBsJTJGd3AtY29udGVudCUyRnVwbG9hZHMlMkZzaXRlcyUyRjUxJTJGMjAyMCUyRjExJTJGcmVrcnV0YWNqYTFfMS5wbmclMjIlMjBhbHQlM0QlMjJCdWR5bmVrJTIwbmElMjBjemVyd29ueW0lMjB0bGUlMjIlM0UlM0MlMkZhJTNFJTBBJTNDJTJGZGl2JTNF[\/vc_raw_html][\/vc_column][vc_column width=&#8221;1\/6&#8243;][vc_raw_html]JTNDZGl2JTIwc3R5bGUlM0QlMjJmb250LXNpemUlM0ElMjAyMHB4JTNCJTIwdGV4dC1hbGlnbiUzQSUyMGNlbnRlciUzQiUyMGZvbnQtd2VpZ2h0JTNBJTIwYm9sZCUzQiUyMHBhZGRpbmclM0ElMjAwcHglMjAlMjIlM0UlMEElM0NhJTIwaHJlZiUzRCUyMmh0dHBzJTNBJTJGJTJGcHJ6ZWRzemtvbGU1Ni5lZHUud3JvY2xhdy5wbCUyRmluZGV4LnBocCUyRnByb2pla3R5LWVkdWthY3lqbmUlMkYlMjIlM0UlM0NpbWclMjBzcmMlM0QlMjJodHRwcyUzQSUyRiUyRnByemVkc3prb2xlNTYuZWR1Lndyb2NsYXcucGwlMkZ3cC1jb250ZW50JTJGdXBsb2FkcyUyRnNpdGVzJTJGNTElMkYyMDIwJTJGMTElMkZwcm9qZWt0eS1lZHVrYWN5am5lLnBuZyUyMiUyMGFsdCUzRCUyMkJ1ZHluZWslMjBuYSUyMGN6ZXJ3b255bSUyMHRsZSUyMiUzRSUzQyUyRmElM0UlMEElM0MlMkZkaXYlM0U=[\/vc_raw_html][\/vc_column][vc_column width=&#8221;1\/6&#8243;][vc_raw_html]JTNDZGl2JTIwc3R5bGUlM0QlMjJmb250LXNpemUlM0ElMjAyMHB4JTNCJTIwdGV4dC1hbGlnbiUzQSUyMGNlbnRlciUzQiUyMGZvbnQtd2VpZ2h0JTNBJTIwYm9sZCUzQiUyMHBhZGRpbmclM0ElMjAwcHglMjAlMjIlM0UlMEElM0NhJTIwaHJlZiUzRCUyMmh0dHBzJTNBJTJGJTJGcHJ6ZWRzemtvbGU1Ni5lZHUud3JvY2xhdy5wbCUyRmluZGV4LnBocCUyRmphZGxvc3BpcyUyRiUyMiUzRSUzQ2ltZyUyMHNyYyUzRCUyMmh0dHBzJTNBJTJGJTJGcHJ6ZWRzemtvbGU1Ni5lZHUud3JvY2xhdy5wbCUyRndwLWNvbnRlbnQlMkZ1cGxvYWRzJTJGc2l0ZXMlMkY1MSUyRjIwMjAlMkYxMSUyRmphZGxvc3BpczEucG5nJTIyJTIwYWx0JTNEJTIyQnVkeW5layUyMG5hJTIwY3plcndvbnltJTIwdGxlJTIyJTNFJTNDJTJGYSUzRSUwQSUzQyUyRmRpdiUzRQ==[\/vc_raw_html][\/vc_column][vc_column width=&#8221;1\/6&#8243;][vc_raw_html]JTNDZGl2JTIwc3R5bGUlM0QlMjJmb250LXNpemUlM0ElMjAyMHB4JTNCJTIwdGV4dC1hbGlnbiUzQSUyMGNlbnRlciUzQiUyMGZvbnQtd2VpZ2h0JTNBJTIwYm9sZCUzQiUyMHBhZGRpbmclM0ElMjAwcHglMjAlMjIlM0UlMEElM0NhJTIwaHJlZiUzRCUyMmh0dHBzJTNBJTJGJTJGcHJ6ZWRzemtvbGU1Ni5lZHUud3JvY2xhdy5wbCUyRmluZGV4LnBocCUyRnBsaWtpLWRvLXBvYnJhbmlhJTJGJTIyJTNFJTNDaW1nJTIwc3JjJTNEJTIyaHR0cHMlM0ElMkYlMkZwcnplZHN6a29sZTU2LmVkdS53cm9jbGF3LnBsJTJGd3AtY29udGVudCUyRnVwbG9hZHMlMkZzaXRlcyUyRjUxJTJGMjAyMCUyRjExJTJGZG9rdW1lbnR5MV8xLnBuZyUyMiUyMGFsdCUzRCUyMkJ1ZHluZWslMjBuYSUyMGN6ZXJ3b255bSUyMHRsZSUyMiUzRSUzQyUyRmElM0UlMEElM0MlMkZkaXYlM0U=[\/vc_raw_html][\/vc_column][\/vc_row][vc_row][vc_column][vc_column_text css=&#8221;.vc_custom_1606740894661{margin-bottom: -5px !important;}&#8221;] Aktualno\u015bci [\/vc_column_text][vc_separator color=&#8221;custom&#8221; border_width=&#8221;3&#8243; el_width=&#8221;60&#8243; accent_color=&#8221;#13c5f5&#8243; css=&#8221;.vc_custom_1606740886008{padding-top: -20px !important;}&#8221;][vc_basic_grid post_type=&#8221;post&#8221; max_items=&#8221;12&#8243; element_width=&#8221;2&#8243; [&hellip;]<\/p>\n","protected":false},"author":72,"featured_media":0,"parent":0,"menu_order":0,"comment_status":"closed","ping_status":"closed","template":"","meta":{"ngg_post_thumbnail":0,"footnotes":""},"class_list":["post-23","page","type-page","status-publish","hentry","clearfix"],"_links":{"self":[{"href":"https:\/\/przedszkole56.edu.wroclaw.pl\/index.php\/wp-json\/wp\/v2\/pages\/23","targetHints":{"allow":["GET"]}}],"collection":[{"href":"https:\/\/przedszkole56.edu.wroclaw.pl\/index.php\/wp-json\/wp\/v2\/pages"}],"about":[{"href":"https:\/\/przedszkole56.edu.wroclaw.pl\/index.php\/wp-json\/wp\/v2\/types\/page"}],"author":[{"embeddable":true,"href":"https:\/\/przedszkole56.edu.wroclaw.pl\/index.php\/wp-json\/wp\/v2\/users\/72"}],"replies":[{"embeddable":true,"href":"https:\/\/przedszkole56.edu.wroclaw.pl\/index.php\/wp-json\/wp\/v2\/comments?post=23"}],"version-history":[{"count":38,"href":"https:\/\/przedszkole56.edu.wroclaw.pl\/index.php\/wp-json\/wp\/v2\/pages\/23\/revisions"}],"predecessor-version":[{"id":5292,"href":"https:\/\/przedszkole56.edu.wroclaw.pl\/index.php\/wp-json\/wp\/v2\/pages\/23\/revisions\/5292"}],"wp:attachment":[{"href":"https:\/\/przedszkole56.edu.wroclaw.pl\/index.php\/wp-json\/wp\/v2\/media?parent=23"}],"curies":[{"name":"wp","href":"https:\/\/api.w.org\/{rel}","templated":true}]}}